[INFO] cloning repository https://github.com/FelixMcFelix/felyne-bot
[INFO] running `Command { std: "git" "-c" "credential.helper=" "-c" "credential.helper=/workspace/cargo-home/bin/git-credential-null" "clone" "--bare" "https://github.com/FelixMcFelix/felyne-bot" "/workspace/cache/git-repos/https%3A%2F%2Fgithub.com%2FFelixMcFelix%2Ffelyne-bot", kill_on_drop: false }`
[INFO] [stderr] Cloning into bare repository '/workspace/cache/git-repos/https%3A%2F%2Fgithub.com%2FFelixMcFelix%2Ffelyne-bot'...
[INFO] running `Command { std: "git" "rev-parse" "HEAD", kill_on_drop: false }`
[INFO] [stdout] 0ca4971bb0ec492fc6be6cca67bca7789f17cedb
[INFO] checking FelixMcFelix/felyne-bot against try#72f88fc4e9458f89516a0b8b0868f3718aec5b47 for pr-74989
[INFO] running `Command { std: "git" "clone" "/workspace/cache/git-repos/https%3A%2F%2Fgithub.com%2FFelixMcFelix%2Ffelyne-bot" "/workspace/builds/worker-6/source", kill_on_drop: false }`
[INFO] [stderr] Cloning into '/workspace/builds/worker-6/source'...
[INFO] [stderr] done.
[INFO] validating manifest of git repo https://github.com/FelixMcFelix/felyne-bot on toolchain 72f88fc4e9458f89516a0b8b0868f3718aec5b47
[INFO] running `Command { std: "/workspace/cargo-home/bin/cargo" "+72f88fc4e9458f89516a0b8b0868f3718aec5b47" "read-manifest" "--manifest-path" "Cargo.toml", kill_on_drop: false }`
[INFO] started tweaking git repo https://github.com/FelixMcFelix/felyne-bot
[INFO] removed path dependency serenity from git repo https://github.com/FelixMcFelix/felyne-bot
[INFO] finished tweaking git repo https://github.com/FelixMcFelix/felyne-bot
[INFO] tweaked toml for git repo https://github.com/FelixMcFelix/felyne-bot written to /workspace/builds/worker-6/source/Cargo.toml
[INFO] crate git repo https://github.com/FelixMcFelix/felyne-bot already has a lockfile, it will not be regenerated
[INFO] running `Command { std: "/workspace/cargo-home/bin/cargo" "+72f88fc4e9458f89516a0b8b0868f3718aec5b47" "fetch" "--locked" "--manifest-path" "Cargo.toml", kill_on_drop: false }`
[INFO] [stderr] warning: dependency (serenity) specified without providing a local path, Git repository, or version to use. This will be considered an error in future versions
[INFO] [stderr]     Updating crates.io index
[INFO] [stderr] error: the lock file /workspace/builds/worker-6/source/Cargo.lock needs to be updated but --locked was passed to prevent this
[INFO] [stderr] If you want to try to generate the lock file without accessing the network, use the --offline flag.
[INFO] the lockfile is outdated, regenerating it
[INFO] running `Command { std: "/workspace/cargo-home/bin/cargo" "+72f88fc4e9458f89516a0b8b0868f3718aec5b47" "generate-lockfile" "--manifest-path" "Cargo.toml" "-Zno-index-update", kill_on_drop: false }`
[INFO] [stderr]     Blocking waiting for file lock on package cache
[INFO] running `Command { std: "/workspace/cargo-home/bin/cargo" "+72f88fc4e9458f89516a0b8b0868f3718aec5b47" "fetch" "--locked" "--manifest-path" "Cargo.toml", kill_on_drop: false }`
[INFO] [stderr] warning: dependency (serenity) specified without providing a local path, Git repository, or version to use. This will be considered an error in future versions
[INFO] [stderr]     Blocking waiting for file lock on package cache
[INFO] [stderr]  Downloading crates ...
[INFO] [stderr]   Downloaded audiopus v0.2.0
[INFO] [stderr]   Downloaded sqlx v0.3.5
[INFO] [stderr]   Downloaded async-tls v0.9.0
[INFO] [stderr]   Downloaded dashmap v4.0.0-rc6
[INFO] [stderr]   Downloaded sqlformat v0.1.1
[INFO] [stderr]   Downloaded webpki-roots v0.20.0
[INFO] [stderr]   Downloaded serenity v0.9.0-rc.1
[INFO] [stderr]   Downloaded sqlx-macros v0.3.5
[INFO] [stderr]   Downloaded command_attr v0.3.0-rc.1
[INFO] [stderr]   Downloaded tungstenite v0.11.1
[INFO] [stderr]   Downloaded async-tungstenite v0.8.0
[INFO] [stderr]   Downloaded sqlx-core v0.3.5
[INFO] running `Command { std: "docker" "create" "-v" "/var/lib/crater-agent-workspace/builds/worker-6/target:/opt/rustwide/target:rw,Z" "-v" "/var/lib/crater-agent-workspace/builds/worker-6/source:/opt/rustwide/workdir:ro,Z" "-v" "/var/lib/crater-agent-workspace/cargo-home:/opt/rustwide/cargo-home:ro,Z" "-v" "/var/lib/crater-agent-workspace/rustup-home:/opt/rustwide/rustup-home:ro,Z" "-e" "SOURCE_DIR=/opt/rustwide/workdir" "-e" "CARGO_TARGET_DIR=/opt/rustwide/target" "-e" "CARGO_HOME=/opt/rustwide/cargo-home" "-e" "RUSTUP_HOME=/opt/rustwide/rustup-home" "-w" "/opt/rustwide/workdir" "-m" "1610612736" "--user" "0:0" "--network" "none" "rustops/crates-build-env@sha256:d92eaeed33fa75130ca1ee6c8a01d1ffb62bac859dfdfb3450e3e5d1c0146529" "/opt/rustwide/cargo-home/bin/cargo" "+72f88fc4e9458f89516a0b8b0868f3718aec5b47" "metadata" "--no-deps" "--format-version=1", kill_on_drop: false }`
[INFO] [stdout] 469818b85f13156e872dd918b390229cbec130850c15dbc112042607804980a9
[INFO] [stderr] WARNING: Your kernel does not support swap limit capabilities or the cgroup is not mounted. Memory limited without swap.
[INFO] running `Command { std: "docker" "start" "-a" "469818b85f13156e872dd918b390229cbec130850c15dbc112042607804980a9", kill_on_drop: false }`
[INFO] running `Command { std: "docker" "inspect" "469818b85f13156e872dd918b390229cbec130850c15dbc112042607804980a9", kill_on_drop: false }`
[INFO] running `Command { std: "docker" "rm" "-f" "469818b85f13156e872dd918b390229cbec130850c15dbc112042607804980a9", kill_on_drop: false }`
[INFO] [stdout] 469818b85f13156e872dd918b390229cbec130850c15dbc112042607804980a9
[INFO] running `Command { std: "docker" "create" "-v" "/var/lib/crater-agent-workspace/builds/worker-6/target:/opt/rustwide/target:rw,Z" "-v" "/var/lib/crater-agent-workspace/builds/worker-6/source:/opt/rustwide/workdir:ro,Z" "-v" "/var/lib/crater-agent-workspace/cargo-home:/opt/rustwide/cargo-home:ro,Z" "-v" "/var/lib/crater-agent-workspace/rustup-home:/opt/rustwide/rustup-home:ro,Z" "-e" "SOURCE_DIR=/opt/rustwide/workdir" "-e" "CARGO_TARGET_DIR=/opt/rustwide/target" "-e" "CARGO_INCREMENTAL=0" "-e" "RUST_BACKTRACE=full" "-e" "RUSTFLAGS=--cap-lints=forbid" "-e" "CARGO_HOME=/opt/rustwide/cargo-home" "-e" "RUSTUP_HOME=/opt/rustwide/rustup-home" "-w" "/opt/rustwide/workdir" "-m" "1610612736" "--user" "0:0" "--network" "none" "rustops/crates-build-env@sha256:d92eaeed33fa75130ca1ee6c8a01d1ffb62bac859dfdfb3450e3e5d1c0146529" "/opt/rustwide/cargo-home/bin/cargo" "+72f88fc4e9458f89516a0b8b0868f3718aec5b47" "check" "--frozen" "--all" "--all-targets" "--message-format=json", kill_on_drop: false }`
[INFO] [stdout] 9e04c9b17f4e54cd3fa2f663ecc2eabe12c8676ebda2bf1ae6d0da3976d23e52
[INFO] [stderr] WARNING: Your kernel does not support swap limit capabilities or the cgroup is not mounted. Memory limited without swap.
[INFO] running `Command { std: "docker" "start" "-a" "9e04c9b17f4e54cd3fa2f663ecc2eabe12c8676ebda2bf1ae6d0da3976d23e52", kill_on_drop: false }`
[INFO] [stderr] warning: dependency (serenity) specified without providing a local path, Git repository, or version to use. This will be considered an error in future versions
[INFO] [stderr]    Compiling autocfg v1.0.1
[INFO] [stderr]    Compiling unicode-xid v0.2.1
[INFO] [stderr]    Compiling syn v1.0.40
[INFO] [stderr]     Checking cfg-if v0.1.10
[INFO] [stderr]    Compiling cc v1.0.59
[INFO] [stderr]    Compiling memchr v2.3.3
[INFO] [stderr]     Checking lazy_static v1.4.0
[INFO] [stderr]    Compiling pkg-config v0.3.18
[INFO] [stderr]    Compiling version_check v0.9.2
[INFO] [stderr]     Checking once_cell v1.4.1
[INFO] [stderr]    Compiling pin-project-internal v0.4.23
[INFO] [stderr]    Compiling proc-macro-nested v0.1.6
[INFO] [stderr]     Checking slab v0.4.2
[INFO] [stderr]     Checking futures-core v0.3.5
[INFO] [stderr]    Compiling proc-macro-hack v0.5.18
[INFO] [stderr]     Checking bytes v0.5.6
[INFO] [stderr]    Compiling typenum v1.12.0
[INFO] [stderr]     Checking fnv v1.0.7
[INFO] [stderr]    Compiling bitflags v1.2.1
[INFO] [stderr]    Compiling maybe-uninit v2.0.0
[INFO] [stderr]     Checking pin-project-lite v0.1.7
[INFO] [stderr]     Checking untrusted v0.7.1
[INFO] [stderr]     Checking spin v0.5.2
[INFO] [stderr]     Checking pin-utils v0.1.0
[INFO] [stderr]     Checking futures-io v0.3.5
[INFO] [stderr]     Checking matches v0.1.8
[INFO] [stderr]     Checking tinyvec v0.3.4
[INFO] [stderr]    Compiling byteorder v1.3.4
[INFO] [stderr]    Compiling serde_derive v1.0.116
[INFO] [stderr]     Checking percent-encoding v2.1.0
[INFO] [stderr]     Checking base64 v0.12.3
[INFO] [stderr]    Compiling serde v1.0.116
[INFO] [stderr]    Compiling httparse v1.3.4
[INFO] [stderr]    Compiling futures-sink v0.3.5
[INFO] [stderr]    Compiling foreign-types-shared v0.1.1
[INFO] [stderr]    Compiling arc-swap v0.4.7
[INFO] [stderr]     Checking scopeguard v1.1.0
[INFO] [stderr]    Compiling ryu v1.0.5
[INFO] [stderr]     Checking ppv-lite86 v0.2.9
[INFO] [stderr]    Compiling regex-syntax v0.6.18
[INFO] [stderr]    Compiling openssl-probe v0.1.2
[INFO] [stderr]    Compiling crc32fast v1.2.0
[INFO] [stderr]    Compiling maplit v1.0.2
[INFO] [stderr]     Checking zeroize v1.1.0
[INFO] [stderr]    Compiling hex v0.4.2
[INFO] [stderr]     Checking utf-8 v0.7.5
[INFO] [stderr]     Checking adler v0.2.3
[INFO] [stderr]    Compiling unicode-segmentation v1.6.0
[INFO] [stderr]    Compiling serenity v0.9.0-rc.1
[INFO] [stderr]    Compiling dotenv v0.15.0
[INFO] [stderr]     Checking smallvec v1.4.2
[INFO] [stderr]     Checking quick-error v1.2.3
[INFO] [stderr]     Checking instant v0.1.6
[INFO] [stderr]     Checking static_assertions v1.1.0
[INFO] [stderr]     Checking typemap_rev v0.1.3
[INFO] [stderr]     Checking tracing-core v0.1.16
[INFO] [stderr]     Checking thread_local v1.0.1
[INFO] [stderr]     Checking futures-channel v0.3.5
[INFO] [stderr]     Checking futures-task v0.3.5
[INFO] [stderr]     Checking dashmap v4.0.0-rc6
[INFO] [stderr]     Checking http v0.2.1
[INFO] [stderr]     Checking input_buffer v0.3.1
[INFO] [stderr]     Checking unicode-bidi v0.3.4
[INFO] [stderr]     Checking unicode-normalization v0.1.13
[INFO] [stderr]    Compiling generic-array v0.14.4
[INFO] [stderr]    Compiling unicase v2.6.0
[INFO] [stderr]    Compiling foreign-types v0.3.2
[INFO] [stderr]    Compiling crossbeam-utils v0.7.2
[INFO] [stderr]    Compiling indexmap v1.6.0
[INFO] [stderr]    Compiling memoffset v0.5.5
[INFO] [stderr]    Compiling num-traits v0.2.12
[INFO] [stderr]    Compiling miniz_oxide v0.4.2
[INFO] [stderr]    Compiling crossbeam-epoch v0.8.2
[INFO] [stderr]    Compiling num-integer v0.1.43
[INFO] [stderr]     Checking lock_api v0.4.1
[INFO] [stderr]    Compiling libc v0.2.77
[INFO] [stderr]     Checking log v0.4.11
[INFO] [stderr]    Compiling proc-macro2 v1.0.21
[INFO] [stderr]     Checking humantime v1.3.0
[INFO] [stderr]    Compiling heck v0.3.1
[INFO] [stderr]    Compiling openssl-sys v0.9.58
[INFO] [stderr]    Compiling ring v0.16.15
[INFO] [stderr]    Compiling libsqlite3-sys v0.17.3
[INFO] [stderr]     Checking encoding_rs v0.8.24
[INFO] [stderr]     Checking net2 v0.2.35
[INFO] [stderr]     Checking getrandom v0.1.15
[INFO] [stderr]     Checking socket2 v0.3.15
[INFO] [stderr]     Checking parking_lot_core v0.8.0
[INFO] [stderr]     Checking tracing v0.1.19
[INFO] [stderr]     Checking want v0.3.0
[INFO] [stderr]     Checking idna v0.2.0
[INFO] [stderr]     Checking aho-corasick v0.7.13
[INFO] [stderr]    Compiling audiopus_sys v0.1.7
[INFO] [stderr]    Compiling quote v1.0.7
[INFO] [stderr]    Compiling iovec v0.1.4
[INFO] [stderr]    Compiling signal-hook-registry v1.2.1
[INFO] [stderr]    Compiling num_cpus v1.13.0
[INFO] [stderr]     Checking rand_core v0.5.1
[INFO] [stderr]     Checking mio v0.6.22
[INFO] [stderr]     Checking parking_lot v0.11.0
[INFO] [stderr]    Compiling mime_guess v2.0.3
[INFO] [stderr]     Checking crossbeam-queue v0.2.3
[INFO] [stderr]     Checking crossbeam-channel v0.4.4
[INFO] [stderr]     Checking url v2.1.1
[INFO] [stderr]     Checking rand_chacha v0.2.2
[INFO] [stderr]     Checking http-body v0.3.1
[INFO] [stderr]    Compiling openssl v0.10.30
[INFO] [stderr]    Compiling native-tls v0.2.4
[INFO] [stderr]     Checking regex v1.3.9
[INFO] [stderr]     Checking flate2 v1.0.17
[INFO] [stderr]     Checking rand v0.7.3
[INFO] [stderr]     Checking mio-uds v0.6.8
[INFO] [stderr]     Checking crossbeam-deque v0.7.3
[INFO] [stderr]     Checking audiopus v0.2.0
[INFO] [stderr]     Checking block-buffer v0.9.0
[INFO] [stderr]     Checking digest v0.9.0
[INFO] [stderr]     Checking universal-hash v0.4.0
[INFO] [stderr]     Checking stream-cipher v0.4.1
[INFO] [stderr]     Checking aead v0.3.2
[INFO] [stderr]     Checking crossbeam v0.7.3
[INFO] [stderr]     Checking sha-1 v0.9.1
[INFO] [stderr]     Checking poly1305 v0.6.0
[INFO] [stderr]     Checking salsa20 v0.5.2
[INFO] [stderr]     Checking sqlformat v0.1.1
[INFO] [stderr]     Checking env_logger v0.7.1
[INFO] [stderr]     Checking xsalsa20poly1305 v0.4.2
[INFO] [stderr]     Checking tungstenite v0.11.1
[INFO] [stderr]     Checking webpki v0.21.3
[INFO] [stderr]     Checking sct v0.6.0
[INFO] [stderr]     Checking rustls v0.18.1
[INFO] [stderr]     Checking webpki-roots v0.20.0
[INFO] [stderr]     Checking webpki-roots v0.19.0
[INFO] [stderr]    Compiling futures-macro v0.3.5
[INFO] [stderr]    Compiling tokio-macros v0.2.5
[INFO] [stderr]    Compiling thiserror-impl v1.0.20
[INFO] [stderr]    Compiling async-stream-impl v0.2.1
[INFO] [stderr]    Compiling command_attr v0.3.0-rc.1
[INFO] [stderr]    Compiling async-trait v0.1.40
[INFO] [stderr]     Checking tokio v0.2.22
[INFO] [stderr]    Compiling async-stream v0.2.1
[INFO] [stderr]    Compiling thiserror v1.0.20
[INFO] [stderr]     Checking pin-project v0.4.23
[INFO] [stderr]    Compiling futures-util v0.3.5
[INFO] [stderr]     Checking tokio-util v0.3.1
[INFO] [stderr]     Checking tokio-rustls v0.14.1
[INFO] [stderr]     Checking async-native-tls v0.3.3
[INFO] [stderr]    Compiling futures-executor v0.3.5
[INFO] [stderr]    Compiling sqlx-core v0.3.5
[INFO] [stderr]     Checking h2 v0.2.6
[INFO] [stderr]    Compiling futures v0.3.5
[INFO] [stderr]     Checking async-tls v0.9.0
[INFO] [stderr]     Checking async-tungstenite v0.8.0
[INFO] [stderr]    Compiling sqlx-macros v0.3.5
[INFO] [stderr]     Checking serde_urlencoded v0.6.1
[INFO] [stderr]     Checking serde_json v1.0.57
[INFO] [stderr]     Checking chrono v0.4.15
[INFO] [stderr]     Checking bincode v1.3.1
[INFO] [stderr]     Checking hyper v0.13.7
[INFO] [stderr]     Checking sqlx v0.3.5
[INFO] [stderr]     Checking hyper-rustls v0.21.0
[INFO] [stderr]     Checking reqwest v0.10.8
[INFO] [stderr]     Checking felyne-bot v0.3.0 (/opt/rustwide/workdir)
[INFO] [stdout] error: expected `async`
[INFO] [stdout]    --> src/main.rs:301:1
[INFO] [stdout]     |
[INFO] [stdout] 301 | fn log_to(ctx: &Context, msg: &Message, mut args: Args) -> CommandResult {
[INFO] [stdout]     | ^^
[INFO] [stdout] 
[INFO] [stdout] 
[INFO] [stdout] error: expected `async`
[INFO] [stdout]    --> src/main.rs:301:1
[INFO] [stdout]     |
[INFO] [stdout] 301 | fn log_to(ctx: &Context, msg: &Message, mut args: Args) -> CommandResult {
[INFO] [stdout]     | ^^
[INFO] [stdout] 
[INFO] [stdout] 
[INFO] [stdout] error: expected `async`
[INFO] [stdout]    --> src/main.rs:326:1
[INFO] [stdout]     |
[INFO] [stdout] 326 | fn hunt(ctx: &Context, msg: &Message, mut args: Args) -> CommandResult {
[INFO] [stdout]     | ^^
[INFO] [stdout] 
[INFO] [stdout] 
[INFO] [stdout] error: expected `async`
[INFO] [stdout]    --> src/main.rs:326:1
[INFO] [stdout]     |
[INFO] [stdout] 326 | fn hunt(ctx: &Context, msg: &Message, mut args: Args) -> CommandResult {
[INFO] [stdout]     | ^^
[INFO] [stdout] 
[INFO] [stdout] 
[INFO] [stdout] error: expected `async`
[INFO] [stdout]    --> src/main.rs:353:1
[INFO] [stdout]     |
[INFO] [stdout] 353 | fn watch(ctx: &Context, msg: &Message, _args: Args) -> CommandResult {
[INFO] [stdout]     | ^^
[INFO] [stdout] 
[INFO] [stdout] 
[INFO] [stdout] error: expected `async`
[INFO] [stdout]    --> src/main.rs:353:1
[INFO] [stdout]     |
[INFO] [stdout] 353 | fn watch(ctx: &Context, msg: &Message, _args: Args) -> CommandResult {
[INFO] [stdout]     | ^^
[INFO] [stdout] 
[INFO] [stdout] 
[INFO] [stdout] error: expected `async`
[INFO] [stdout]    --> src/main.rs:375:1
[INFO] [stdout]     |
[INFO] [stdout] 375 | fn cart(ctx: &Context, msg: &Message, _args: Args) -> CommandResult {
[INFO] [stdout]     | ^^
[INFO] [stdout] 
[INFO] [stdout] 
[INFO] [stdout] error: expected `async`
[INFO] [stdout]    --> src/main.rs:375:1
[INFO] [stdout]     |
[INFO] [stdout] 375 | fn cart(ctx: &Context, msg: &Message, _args: Args) -> CommandResult {
[INFO] [stdout]     | ^^
[INFO] [stdout] 
[INFO] [stdout] 
[INFO] [stdout] error: expected `async`
[INFO] [stdout]    --> src/main.rs:393:1
[INFO] [stdout]     |
[INFO] [stdout] 393 | fn volume(ctx: &Context, msg: &Message, mut args: Args) -> CommandResult {
[INFO] [stdout]     | ^^
[INFO] [stdout] 
[INFO] [stdout] 
[INFO] [stdout] error: expected `async`
[INFO] [stdout]    --> src/main.rs:393:1
[INFO] [stdout]     |
[INFO] [stdout] 393 | fn volume(ctx: &Context, msg: &Message, mut args: Args) -> CommandResult {
[INFO] [stdout]     | ^^
[INFO] [stdout] 
[INFO] [stdout] 
[INFO] [stdout] error: expected `async`
[INFO] [stdout]    --> src/main.rs:417:1
[INFO] [stdout]     |
[INFO] [stdout] 417 | fn ids(ctx: &Context, msg: &Message, _args: Args) -> CommandResult { 
[INFO] [stdout]     | ^^
[INFO] [stdout] 
[INFO] [stdout] 
[INFO] [stdout] error: expected `async`
[INFO] [stdout]    --> src/main.rs:417:1
[INFO] [stdout]     |
[INFO] [stdout] 417 | fn ids(ctx: &Context, msg: &Message, _args: Args) -> CommandResult { 
[INFO] [stdout]     | ^^
[INFO] [stdout] 
[INFO] [stdout] 
[INFO] [stdout] error: expected `async`
[INFO] [stdout]    --> src/main.rs:444:1
[INFO] [stdout]     |
[INFO] [stdout] 444 | fn github(ctx: &Context, msg: &Message, _args: Args) -> CommandResult {
[INFO] [stdout]     | ^^
[INFO] [stdout] 
[INFO] [stdout] 
[INFO] [stdout] error: expected `async`
[INFO] [stdout]    --> src/main.rs:444:1
[INFO] [stdout]     |
[INFO] [stdout] 444 | fn github(ctx: &Context, msg: &Message, _args: Args) -> CommandResult {
[INFO] [stdout]     | ^^
[INFO] [stdout] 
[INFO] [stdout] 
[INFO] [stdout] error[E0432]: unresolved import `serenity::voice::events`
[INFO] [stdout]   --> src/voicehunt/receiver.rs:15:2
[INFO] [stdout]    |
[INFO] [stdout] 15 |     events::{CoreEvent, Event, EventContext},
[INFO] [stdout]    |     ^^^^^^ could not find `events` in `voice`
[INFO] [stdout] 
[INFO] [stdout] 
[INFO] [stdout] error[E0432]: unresolved import `serenity::voice::events`
[INFO] [stdout]   --> src/voicehunt/receiver.rs:15:2
[INFO] [stdout]    |
[INFO] [stdout] 15 |     events::{CoreEvent, Event, EventContext},
[INFO] [stdout]    |     ^^^^^^ could not find `events` in `voice`
[INFO] [stdout] 
[INFO] [stdout] 
[INFO] [stdout] error[E0433]: failed to resolve: could not find `input` in `voice`
[INFO] [stdout]   --> src/main.rs:43:9
[INFO] [stdout]    |
[INFO] [stdout] 43 |         input::{
[INFO] [stdout]    |         ^^^^^ could not find `input` in `voice`
[INFO] [stdout] 
[INFO] [stdout] 
[INFO] [stdout] error[E0433]: failed to resolve: could not find `input` in `voice`
[INFO] [stdout]   --> src/main.rs:43:9
[INFO] [stdout]    |
[INFO] [stdout] 43 |         input::{
[INFO] [stdout]    |         ^^^^^ could not find `input` in `voice`
[INFO] [stdout] 
[INFO] [stdout] 
[INFO] [stdout] error[E0432]: unresolved imports `serenity::voice::events`, `serenity::voice::tracks`
[INFO] [stdout]   --> src/voicehunt/mod.rs:33:3
[INFO] [stdout]    |
[INFO] [stdout] 33 |         events::{Event, TrackEvent},
[INFO] [stdout]    |         ^^^^^^ could not find `events` in `voice`
[INFO] [stdout] 34 |         tracks::{
[INFO] [stdout]    |         ^^^^^^ could not find `tracks` in `voice`
[INFO] [stdout] 
[INFO] [stdout] 
[INFO] [stdout] error[E0432]: unresolved import `serenity::voice::input`
[INFO] [stdout]   --> src/main.rs:43:9
[INFO] [stdout]    |
[INFO] [stdout] 43 |         input::{
[INFO] [stdout]    |         ^^^^^ could not find `input` in `voice`
[INFO] [stdout] 
[INFO] [stdout] 
[INFO] [stdout] error[E0432]: unresolved imports `serenity::voice::events`, `serenity::voice::tracks`
[INFO] [stdout]   --> src/voicehunt/mod.rs:33:3
[INFO] [stdout]    |
[INFO] [stdout] 33 |         events::{Event, TrackEvent},
[INFO] [stdout]    |         ^^^^^^ could not find `events` in `voice`
[INFO] [stdout] 34 |         tracks::{
[INFO] [stdout]    |         ^^^^^^ could not find `tracks` in `voice`
[INFO] [stdout] 
[INFO] [stdout] 
[INFO] [stdout] error[E0432]: unresolved import `serenity::voice::input`
[INFO] [stdout]   --> src/main.rs:43:9
[INFO] [stdout]    |
[INFO] [stdout] 43 |         input::{
[INFO] [stdout]    |         ^^^^^ could not find `input` in `voice`
[INFO] [stdout] 
[INFO] [stdout] 
[INFO] [stdout] error[E0433]: failed to resolve: use of undeclared type or module `CompressedSource`
[INFO] [stdout]    --> src/main.rs:277:14
[INFO] [stdout]     |
[INFO] [stdout] 277 |             let src = CompressedSource::new(base, Bitrate::BitsPerSecond(128_000), None)
[INFO] [stdout]     |                       ^^^^^^^^^^^^^^^^ use of undeclared type or module `CompressedSource`
[INFO] [stdout] 
[INFO] [stdout] 
[INFO] [stdout] error[E0433]: failed to resolve: use of undeclared type or module `MemorySource`
[INFO] [stdout]    --> src/main.rs:282:14
[INFO] [stdout]     |
[INFO] [stdout] 282 |             let src = MemorySource::new(base, None);
[INFO] [stdout]     |                       ^^^^^^^^^^^^ use of undeclared type or module `MemorySource`
[INFO] [stdout] 
[INFO] [stdout] 
[INFO] [stdout] error[E0433]: failed to resolve: use of undeclared type or module `CompressedSource`
[INFO] [stdout]    --> src/main.rs:277:14
[INFO] [stdout]     |
[INFO] [stdout] 277 |             let src = CompressedSource::new(base, Bitrate::BitsPerSecond(128_000), None)
[INFO] [stdout]     |                       ^^^^^^^^^^^^^^^^ use of undeclared type or module `CompressedSource`
[INFO] [stdout] 
[INFO] [stdout] 
[INFO] [stdout] error[E0433]: failed to resolve: use of undeclared type or module `MemorySource`
[INFO] [stdout]    --> src/main.rs:282:14
[INFO] [stdout]     |
[INFO] [stdout] 282 |             let src = MemorySource::new(base, None);
[INFO] [stdout]     |                       ^^^^^^^^^^^^ use of undeclared type or module `MemorySource`
[INFO] [stdout] 
[INFO] [stdout] 
[INFO] [stdout] error[E0412]: cannot find type `CompressedSourceBase` in this scope
[INFO] [stdout]   --> src/main.rs:92:16
[INFO] [stdout]    |
[INFO] [stdout] 92 |     Compressed(CompressedSourceBase),
[INFO] [stdout]    |                ^^^^^^^^^^^^^^^^^^^^ not found in this scope
[INFO] [stdout] 
[INFO] [stdout] 
[INFO] [stdout] error[E0412]: cannot find type `MemorySource` in this scope
[INFO] [stdout]   --> src/main.rs:93:18
[INFO] [stdout]    |
[INFO] [stdout] 93 |     Uncompressed(MemorySource),
[INFO] [stdout]    |                  ^^^^^^^^^^^^ not found in this scope
[INFO] [stdout] 
[INFO] [stdout] 
[INFO] [stdout] error[E0425]: cannot find value `GITHUB_COMMAND` in this scope
[INFO] [stdout]    --> src/main.rs:290:1
[INFO] [stdout]     |
[INFO] [stdout] 290 | #[group]
[INFO] [stdout]     | ^^^^^^^^ not found in this scope
[INFO] [stdout]     |
[INFO] [stdout]     = note: this error originates in an attribute macro (in Nightly builds, run with -Z macro-backtrace for more info)
[INFO] [stdout] 
[INFO] [stdout] 
[INFO] [stdout] error[E0425]: cannot find value `IDS_COMMAND` in this scope
[INFO] [stdout]    --> src/main.rs:290:1
[INFO] [stdout]     |
[INFO] [stdout] 290 | #[group]
[INFO] [stdout]     | ^^^^^^^^ not found in this scope
[INFO] [stdout]     |
[INFO] [stdout]     = note: this error originates in an attribute macro (in Nightly builds, run with -Z macro-backtrace for more info)
[INFO] [stdout] 
[INFO] [stdout] 
[INFO] [stdout] error[E0425]: cannot find value `HUNT_COMMAND` in this scope
[INFO] [stdout]    --> src/main.rs:294:1
[INFO] [stdout]     |
[INFO] [stdout] 294 | #[group]
[INFO] [stdout]     | ^^^^^^^^ not found in this scope
[INFO] [stdout]     |
[INFO] [stdout]     = note: this error originates in an attribute macro (in Nightly builds, run with -Z macro-backtrace for more info)
[INFO] [stdout] 
[INFO] [stdout] 
[INFO] [stdout] error[E0425]: cannot find value `CART_COMMAND` in this scope
[INFO] [stdout]    --> src/main.rs:294:1
[INFO] [stdout]     |
[INFO] [stdout] 294 | #[group]
[INFO] [stdout]     | ^^^^^^^^ not found in this scope
[INFO] [stdout]     |
[INFO] [stdout]     = note: this error originates in an attribute macro (in Nightly builds, run with -Z macro-backtrace for more info)
[INFO] [stdout] 
[INFO] [stdout] 
[INFO] [stdout] error[E0425]: cannot find value `VOLUME_COMMAND` in this scope
[INFO] [stdout]    --> src/main.rs:294:1
[INFO] [stdout]     |
[INFO] [stdout] 294 | #[group]
[INFO] [stdout]     | ^^^^^^^^ not found in this scope
[INFO] [stdout]     |
[INFO] [stdout]     = note: this error originates in an attribute macro (in Nightly builds, run with -Z macro-backtrace for more info)
[INFO] [stdout] 
[INFO] [stdout] 
[INFO] [stdout] error[E0425]: cannot find value `WATCH_COMMAND` in this scope
[INFO] [stdout]    --> src/main.rs:294:1
[INFO] [stdout]     |
[INFO] [stdout] 294 | #[group]
[INFO] [stdout]     | ^^^^^^^^ not found in this scope
[INFO] [stdout]     |
[INFO] [stdout]     = note: this error originates in an attribute macro (in Nightly builds, run with -Z macro-backtrace for more info)
[INFO] [stdout] 
[INFO] [stdout] 
[INFO] [stdout] error[E0425]: cannot find value `LOG_TO_COMMAND` in this scope
[INFO] [stdout]    --> src/main.rs:294:1
[INFO] [stdout]     |
[INFO] [stdout] 294 | #[group]
[INFO] [stdout]     | ^^^^^^^^ not found in this scope
[INFO] [stdout]     |
[INFO] [stdout]     = note: this error originates in an attribute macro (in Nightly builds, run with -Z macro-backtrace for more info)
[INFO] [stdout] 
[INFO] [stdout] 
[INFO] [stdout] warning: unused import: `collections::hash_map::HashMap`
[INFO] [stdout]   --> src/voicehunt/receiver.rs:19:2
[INFO] [stdout]    |
[INFO] [stdout] 19 |     collections::hash_map::HashMap,
[INFO] [stdout]    |     ^^^^^^^^^^^^^^^^^^^^^^^^^^^^^^
[INFO] [stdout]    |
[INFO] [stdout]    = note: `#[warn(unused_imports)]` on by default
[INFO] [stdout] 
[INFO] [stdout] 
[INFO] [stdout] warning: unused import: `CachedSound`
[INFO] [stdout]  --> src/voicehunt/mod.rs:6:2
[INFO] [stdout]   |
[INFO] [stdout] 6 |     CachedSound,
[INFO] [stdout]   |     ^^^^^^^^^^^
[INFO] [stdout] 
[INFO] [stdout] 
[INFO] [stdout] warning: unused import: `dashmap::DashMap`
[INFO] [stdout]   --> src/voicehunt/mod.rs:17:5
[INFO] [stdout]    |
[INFO] [stdout] 17 | use dashmap::DashMap;
[INFO] [stdout]    |     ^^^^^^^^^^^^^^^^
[INFO] [stdout] 
[INFO] [stdout] 
[INFO] [stdout] warning: unused import: `VoiceHuntReceiver`
[INFO] [stdout]   --> src/voicehunt/mod.rs:24:43
[INFO] [stdout]    |
[INFO] [stdout] 24 | use receiver::{listen_in, ReceiverSignal, VoiceHuntReceiver};
[INFO] [stdout]    |                                           ^^^^^^^^^^^^^^^^^
[INFO] [stdout] 
[INFO] [stdout] 
[INFO] [stdout] warning: unused import: `ffmpeg`
[INFO] [stdout]   --> src/voicehunt/mod.rs:39:3
[INFO] [stdout]    |
[INFO] [stdout] 39 |         ffmpeg, Handler,
[INFO] [stdout]    |         ^^^^^^
[INFO] [stdout] 
[INFO] [stdout] 
[INFO] [stdout] warning: unused import: `Instant`
[INFO] [stdout]   --> src/voicehunt/mod.rs:50:3
[INFO] [stdout]    |
[INFO] [stdout] 50 |         Instant
[INFO] [stdout]    |         ^^^^^^^
[INFO] [stdout] 
[INFO] [stdout] 
[INFO] [stdout] warning: unused import: `dbs::*`
[INFO] [stdout]  --> src/watchcat.rs:2:2
[INFO] [stdout]   |
[INFO] [stdout] 2 |     dbs::*,
[INFO] [stdout]   |     ^^^^^^
[INFO] [stdout] 
[INFO] [stdout] 
[INFO] [stdout] warning: unused import: `executor::RefExecutor`
[INFO] [stdout]   --> src/watchcat.rs:18:2
[INFO] [stdout]    |
[INFO] [stdout] 18 |     executor::RefExecutor,
[INFO] [stdout]    |     ^^^^^^^^^^^^^^^^^^^^^
[INFO] [stdout] 
[INFO] [stdout] 
[INFO] [stdout] warning: unused import: `collections::HashMap`
[INFO] [stdout]   --> src/watchcat.rs:25:2
[INFO] [stdout]    |
[INFO] [stdout] 25 |     collections::HashMap,
[INFO] [stdout]    |     ^^^^^^^^^^^^^^^^^^^^
[INFO] [stdout] 
[INFO] [stdout] 
[INFO] [stdout] warning: unused import: `tokio::task`
[INFO] [stdout]   --> src/watchcat.rs:29:5
[INFO] [stdout]    |
[INFO] [stdout] 29 | use tokio::task;
[INFO] [stdout]    |     ^^^^^^^^^^^
[INFO] [stdout] 
[INFO] [stdout] 
[INFO] [stdout] warning: unused imports: `CheckResult`, `CommandGroup`, `CommandOptions`, `CommandResult`, `check`, `help`
[INFO] [stdout]   --> src/main.rs:24:4
[INFO] [stdout]    |
[INFO] [stdout] 24 |             check,
[INFO] [stdout]    |             ^^^^^
[INFO] [stdout] ...
[INFO] [stdout] 27 |             help,
[INFO] [stdout]    |             ^^^^
[INFO] [stdout] ...
[INFO] [stdout] 30 |         CheckResult,
[INFO] [stdout]    |         ^^^^^^^^^^^
[INFO] [stdout] 31 |         CommandError,
[INFO] [stdout] 32 |         CommandGroup,
[INFO] [stdout]    |         ^^^^^^^^^^^^
[INFO] [stdout] 33 |         CommandOptions,
[INFO] [stdout]    |         ^^^^^^^^^^^^^^
[INFO] [stdout] 34 |         CommandResult,
[INFO] [stdout]    |         ^^^^^^^^^^^^^
[INFO] [stdout] 
[INFO] [stdout] 
[INFO] [stdout] error[E0412]: cannot find type `CompressedSourceBase` in this scope
[INFO] [stdout]   --> src/main.rs:92:16
[INFO] [stdout]    |
[INFO] [stdout] 92 |     Compressed(CompressedSourceBase),
[INFO] [stdout]    |                ^^^^^^^^^^^^^^^^^^^^ not found in this scope
[INFO] [stdout] 
[INFO] [stdout] 
[INFO] [stdout] error[E0412]: cannot find type `MemorySource` in this scope
[INFO] [stdout]   --> src/main.rs:93:18
[INFO] [stdout]    |
[INFO] [stdout] 93 |     Uncompressed(MemorySource),
[INFO] [stdout]    |                  ^^^^^^^^^^^^ not found in this scope
[INFO] [stdout] 
[INFO] [stdout] 
[INFO] [stdout] error[E0425]: cannot find value `GITHUB_COMMAND` in this scope
[INFO] [stdout]    --> src/main.rs:290:1
[INFO] [stdout]     |
[INFO] [stdout] 290 | #[group]
[INFO] [stdout]     | ^^^^^^^^ not found in this scope
[INFO] [stdout]     |
[INFO] [stdout]     = note: this error originates in an attribute macro (in Nightly builds, run with -Z macro-backtrace for more info)
[INFO] [stdout] 
[INFO] [stdout] 
[INFO] [stdout] error[E0425]: cannot find value `IDS_COMMAND` in this scope
[INFO] [stdout]    --> src/main.rs:290:1
[INFO] [stdout]     |
[INFO] [stdout] 290 | #[group]
[INFO] [stdout]     | ^^^^^^^^ not found in this scope
[INFO] [stdout]     |
[INFO] [stdout]     = note: this error originates in an attribute macro (in Nightly builds, run with -Z macro-backtrace for more info)
[INFO] [stdout] 
[INFO] [stdout] 
[INFO] [stdout] error[E0425]: cannot find value `HUNT_COMMAND` in this scope
[INFO] [stdout]    --> src/main.rs:294:1
[INFO] [stdout]     |
[INFO] [stdout] 294 | #[group]
[INFO] [stdout]     | ^^^^^^^^ not found in this scope
[INFO] [stdout]     |
[INFO] [stdout]     = note: this error originates in an attribute macro (in Nightly builds, run with -Z macro-backtrace for more info)
[INFO] [stdout] 
[INFO] [stdout] 
[INFO] [stdout] error[E0425]: cannot find value `CART_COMMAND` in this scope
[INFO] [stdout]    --> src/main.rs:294:1
[INFO] [stdout]     |
[INFO] [stdout] 294 | #[group]
[INFO] [stdout]     | ^^^^^^^^ not found in this scope
[INFO] [stdout]     |
[INFO] [stdout]     = note: this error originates in an attribute macro (in Nightly builds, run with -Z macro-backtrace for more info)
[INFO] [stdout] 
[INFO] [stdout] 
[INFO] [stdout] error[E0425]: cannot find value `VOLUME_COMMAND` in this scope
[INFO] [stdout]    --> src/main.rs:294:1
[INFO] [stdout]     |
[INFO] [stdout] 294 | #[group]
[INFO] [stdout]     | ^^^^^^^^ not found in this scope
[INFO] [stdout]     |
[INFO] [stdout]     = note: this error originates in an attribute macro (in Nightly builds, run with -Z macro-backtrace for more info)
[INFO] [stdout] 
[INFO] [stdout] 
[INFO] [stdout] error[E0425]: cannot find value `WATCH_COMMAND` in this scope
[INFO] [stdout]    --> src/main.rs:294:1
[INFO] [stdout]     |
[INFO] [stdout] 294 | #[group]
[INFO] [stdout]     | ^^^^^^^^ not found in this scope
[INFO] [stdout]     |
[INFO] [stdout]     = note: this error originates in an attribute macro (in Nightly builds, run with -Z macro-backtrace for more info)
[INFO] [stdout] 
[INFO] [stdout] 
[INFO] [stdout] error[E0425]: cannot find value `LOG_TO_COMMAND` in this scope
[INFO] [stdout]    --> src/main.rs:294:1
[INFO] [stdout]     |
[INFO] [stdout] 294 | #[group]
[INFO] [stdout]     | ^^^^^^^^ not found in this scope
[INFO] [stdout]     |
[INFO] [stdout]     = note: this error originates in an attribute macro (in Nightly builds, run with -Z macro-backtrace for more info)
[INFO] [stdout] 
[INFO] [stdout] 
[INFO] [stdout] warning: unused import: `collections::hash_map::HashMap`
[INFO] [stdout]   --> src/voicehunt/receiver.rs:19:2
[INFO] [stdout]    |
[INFO] [stdout] 19 |     collections::hash_map::HashMap,
[INFO] [stdout]    |     ^^^^^^^^^^^^^^^^^^^^^^^^^^^^^^
[INFO] [stdout]    |
[INFO] [stdout]    = note: `#[warn(unused_imports)]` on by default
[INFO] [stdout] 
[INFO] [stdout] 
[INFO] [stdout] warning: unused import: `CachedSound`
[INFO] [stdout]  --> src/voicehunt/mod.rs:6:2
[INFO] [stdout]   |
[INFO] [stdout] 6 |     CachedSound,
[INFO] [stdout]   |     ^^^^^^^^^^^
[INFO] [stdout] 
[INFO] [stdout] 
[INFO] [stdout] warning: unused import: `dashmap::DashMap`
[INFO] [stdout]   --> src/voicehunt/mod.rs:17:5
[INFO] [stdout]    |
[INFO] [stdout] 17 | use dashmap::DashMap;
[INFO] [stdout]    |     ^^^^^^^^^^^^^^^^
[INFO] [stdout] 
[INFO] [stdout] 
[INFO] [stdout] warning: unused import: `VoiceHuntReceiver`
[INFO] [stdout]   --> src/voicehunt/mod.rs:24:43
[INFO] [stdout]    |
[INFO] [stdout] 24 | use receiver::{listen_in, ReceiverSignal, VoiceHuntReceiver};
[INFO] [stdout]    |                                           ^^^^^^^^^^^^^^^^^
[INFO] [stdout] 
[INFO] [stdout] 
[INFO] [stdout] warning: unused import: `ffmpeg`
[INFO] [stdout]   --> src/voicehunt/mod.rs:39:3
[INFO] [stdout]    |
[INFO] [stdout] 39 |         ffmpeg, Handler,
[INFO] [stdout]    |         ^^^^^^
[INFO] [stdout] 
[INFO] [stdout] 
[INFO] [stdout] warning: unused import: `Instant`
[INFO] [stdout]   --> src/voicehunt/mod.rs:50:3
[INFO] [stdout]    |
[INFO] [stdout] 50 |         Instant
[INFO] [stdout]    |         ^^^^^^^
[INFO] [stdout] 
[INFO] [stdout] 
[INFO] [stdout] warning: unused import: `dbs::*`
[INFO] [stdout]  --> src/watchcat.rs:2:2
[INFO] [stdout]   |
[INFO] [stdout] 2 |     dbs::*,
[INFO] [stdout]   |     ^^^^^^
[INFO] [stdout] 
[INFO] [stdout] 
[INFO] [stdout] warning: unused import: `executor::RefExecutor`
[INFO] [stdout]   --> src/watchcat.rs:18:2
[INFO] [stdout]    |
[INFO] [stdout] 18 |     executor::RefExecutor,
[INFO] [stdout]    |     ^^^^^^^^^^^^^^^^^^^^^
[INFO] [stdout] 
[INFO] [stdout] 
[INFO] [stdout] warning: unused import: `collections::HashMap`
[INFO] [stdout]   --> src/watchcat.rs:25:2
[INFO] [stdout]    |
[INFO] [stdout] 25 |     collections::HashMap,
[INFO] [stdout]    |     ^^^^^^^^^^^^^^^^^^^^
[INFO] [stdout] 
[INFO] [stdout] 
[INFO] [stdout] warning: unused import: `tokio::task`
[INFO] [stdout]   --> src/watchcat.rs:29:5
[INFO] [stdout]    |
[INFO] [stdout] 29 | use tokio::task;
[INFO] [stdout]    |     ^^^^^^^^^^^
[INFO] [stdout] 
[INFO] [stdout] 
[INFO] [stdout] warning: unused imports: `CheckResult`, `CommandGroup`, `CommandOptions`, `CommandResult`, `check`, `help`
[INFO] [stdout]   --> src/main.rs:24:4
[INFO] [stdout]    |
[INFO] [stdout] 24 |             check,
[INFO] [stdout]    |             ^^^^^
[INFO] [stdout] ...
[INFO] [stdout] 27 |             help,
[INFO] [stdout]    |             ^^^^
[INFO] [stdout] ...
[INFO] [stdout] 30 |         CheckResult,
[INFO] [stdout]    |         ^^^^^^^^^^^
[INFO] [stdout] 31 |         CommandError,
[INFO] [stdout] 32 |         CommandGroup,
[INFO] [stdout]    |         ^^^^^^^^^^^^
[INFO] [stdout] 33 |         CommandOptions,
[INFO] [stdout]    |         ^^^^^^^^^^^^^^
[INFO] [stdout] 34 |         CommandResult,
[INFO] [stdout]    |         ^^^^^^^^^^^^^
[INFO] [stdout] 
[INFO] [stdout] 
[INFO] [stdout] error[E0195]: lifetime parameters or bounds on method `message` do not match the trait declaration
[INFO] [stdout]    --> src/main.rs:111:12
[INFO] [stdout]     |
[INFO] [stdout] 111 |     fn message(&self, ctx: Context, msg: Message) {
[INFO] [stdout]     |               ^ lifetimes do not match method in trait
[INFO] [stdout] 
[INFO] [stdout] 
[INFO] [stdout] error[E0195]: lifetime parameters or bounds on method `message_delete` do not match the trait declaration
[INFO] [stdout]    --> src/main.rs:125:19
[INFO] [stdout]     |
[INFO] [stdout] 125 |     fn message_delete(&self, ctx: Context, chan: ChannelId, msg: MessageId) {
[INFO] [stdout]     |                      ^ lifetimes do not match method in trait
[INFO] [stdout] 
[INFO] [stdout] 
[INFO] [stdout] error[E0195]: lifetime parameters or bounds on method `message_delete_bulk` do not match the trait declaration
[INFO] [stdout]    --> src/main.rs:140:24
[INFO] [stdout]     |
[INFO] [stdout] 140 |     fn message_delete_bulk(&self, ctx: Context, chan: ChannelId, msgs: Vec<MessageId>) {
[INFO] [stdout]     |                           ^ lifetimes do not match method in trait
[INFO] [stdout] 
[INFO] [stdout] 
[INFO] [stdout] error[E0195]: lifetime parameters or bounds on method `guild_create` do not match the trait declaration
[INFO] [stdout]    --> src/main.rs:156:17
[INFO] [stdout]     |
[INFO] [stdout] 156 |     fn guild_create(&self, ctx: Context, guild: Guild, _is_new: bool) {
[INFO] [stdout]     |                    ^ lifetimes do not match method in trait
[INFO] [stdout] 
[INFO] [stdout] 
[INFO] [stdout] error[E0195]: lifetime parameters or bounds on method `voice_state_update` do not match the trait declaration
[INFO] [stdout]    --> src/main.rs:160:23
[INFO] [stdout]     |
[INFO] [stdout] 160 |     fn voice_state_update(&self, ctx: Context, maybe_guild: Option<GuildId>, _old_vox: Option<VoiceState>, vox: VoiceState) {
[INFO] [stdout]     |                          ^ lifetimes do not match method in trait
[INFO] [stdout] 
[INFO] [stdout] 
[INFO] [stdout] error[E0195]: lifetime parameters or bounds on method `ready` do not match the trait declaration
[INFO] [stdout]    --> src/main.rs:168:10
[INFO] [stdout]     |
[INFO] [stdout] 168 |     fn ready(&self, ctx: Context, _rdy: Ready) {
[INFO] [stdout]     |             ^ lifetimes do not match method in trait
[INFO] [stdout] 
[INFO] [stdout] 
[INFO] [stdout] error[E0195]: lifetime parameters or bounds on method `message` do not match the trait declaration
[INFO] [stdout]    --> src/main.rs:111:12
[INFO] [stdout]     |
[INFO] [stdout] 111 |     fn message(&self, ctx: Context, msg: Message) {
[INFO] [stdout]     |               ^ lifetimes do not match method in trait
[INFO] [stdout] 
[INFO] [stdout] 
[INFO] [stdout] error[E0195]: lifetime parameters or bounds on method `message_delete` do not match the trait declaration
[INFO] [stdout]    --> src/main.rs:125:19
[INFO] [stdout]     |
[INFO] [stdout] 125 |     fn message_delete(&self, ctx: Context, chan: ChannelId, msg: MessageId) {
[INFO] [stdout]     |                      ^ lifetimes do not match method in trait
[INFO] [stdout] 
[INFO] [stdout] 
[INFO] [stdout] error[E0195]: lifetime parameters or bounds on method `message_delete_bulk` do not match the trait declaration
[INFO] [stdout]    --> src/main.rs:140:24
[INFO] [stdout]     |
[INFO] [stdout] 140 |     fn message_delete_bulk(&self, ctx: Context, chan: ChannelId, msgs: Vec<MessageId>) {
[INFO] [stdout]     |                           ^ lifetimes do not match method in trait
[INFO] [stdout] 
[INFO] [stdout] 
[INFO] [stdout] error[E0195]: lifetime parameters or bounds on method `guild_create` do not match the trait declaration
[INFO] [stdout]    --> src/main.rs:156:17
[INFO] [stdout]     |
[INFO] [stdout] 156 |     fn guild_create(&self, ctx: Context, guild: Guild, _is_new: bool) {
[INFO] [stdout]     |                    ^ lifetimes do not match method in trait
[INFO] [stdout] 
[INFO] [stdout] 
[INFO] [stdout] error[E0195]: lifetime parameters or bounds on method `voice_state_update` do not match the trait declaration
[INFO] [stdout]    --> src/main.rs:160:23
[INFO] [stdout]     |
[INFO] [stdout] 160 |     fn voice_state_update(&self, ctx: Context, maybe_guild: Option<GuildId>, _old_vox: Option<VoiceState>, vox: VoiceState) {
[INFO] [stdout]     |                          ^ lifetimes do not match method in trait
[INFO] [stdout] 
[INFO] [stdout] 
[INFO] [stdout] error[E0195]: lifetime parameters or bounds on method `ready` do not match the trait declaration
[INFO] [stdout]    --> src/main.rs:168:10
[INFO] [stdout]     |
[INFO] [stdout] 168 |     fn ready(&self, ctx: Context, _rdy: Ready) {
[INFO] [stdout]     |             ^ lifetimes do not match method in trait
[INFO] [stdout] 
[INFO] [stdout] 
[INFO] [stdout] error[E0308]: mismatched types
[INFO] [stdout]    --> src/main.rs:116:4
[INFO] [stdout]     |
[INFO] [stdout] 116 |             Some(c) => c.read().id,
[INFO] [stdout]     |             ^^^^^^^ expected opaque type, found enum `std::option::Option`
[INFO] [stdout]     | 
[INFO] [stdout]    ::: /opt/rustwide/cargo-home/registry/src/github.com-1ecc6299db9ec823/serenity-0.9.0-rc.1/src/model/channel/message.rs:398:60
[INFO] [stdout]     |
[INFO] [stdout] 398 |     pub async fn guild(&self, cache: impl AsRef<Cache>) -> Option<Guild> {
[INFO] [stdout]     |                                                            ------------- the `Output` of this `async fn`'s expected opaque type
[INFO] [stdout]     |
[INFO] [stdout]     = note: expected opaque type `impl std::future::Future`
[INFO] [stdout]                       found enum `std::option::Option<_>`
[INFO] [stdout] 
[INFO] [stdout] 
[INFO] [stdout] error[E0308]: mismatched types
[INFO] [stdout]    --> src/main.rs:117:4
[INFO] [stdout]     |
[INFO] [stdout] 117 |             None => {
[INFO] [stdout]     |             ^^^^ expected opaque type, found enum `std::option::Option`
[INFO] [stdout]     | 
[INFO] [stdout]    ::: /opt/rustwide/cargo-home/registry/src/github.com-1ecc6299db9ec823/serenity-0.9.0-rc.1/src/model/channel/message.rs:398:60
[INFO] [stdout]     |
[INFO] [stdout] 398 |     pub async fn guild(&self, cache: impl AsRef<Cache>) -> Option<Guild> {
[INFO] [stdout]     |                                                            ------------- the `Output` of this `async fn`'s expected opaque type
[INFO] [stdout]     |
[INFO] [stdout]     = note: expected opaque type `impl std::future::Future`
[INFO] [stdout]                       found enum `std::option::Option<_>`
[INFO] [stdout] 
[INFO] [stdout] 
[INFO] [stdout] error[E0599]: no method named `map` found for opaque type `impl std::future::Future` in the current scope
[INFO] [stdout]    --> src/main.rs:128:5
[INFO] [stdout]     |
[INFO] [stdout] 128 |             .map(Channel::guild);
[INFO] [stdout]     |              ^^^ method not found in `impl std::future::Future`
[INFO] [stdout]     |
[INFO] [stdout]     = note: the method `map` exists but the following trait bounds were not satisfied:
[INFO] [stdout]             `impl std::future::Future: Iterator`
[INFO] [stdout]             which is required by `&mut impl std::future::Future: Iterator`
[INFO] [stdout]     = help: items from traits can only be used if the trait is in scope
[INFO] [stdout] help: consider awaiting before this method call
[INFO] [stdout]     |
[INFO] [stdout] 128 |             .await.map(Channel::guild);
[INFO] [stdout]     |              ^^^^^^
[INFO] [stdout] help: the following trait is implemented but not in scope; perhaps add a `use` for it:
[INFO] [stdout]     |
[INFO] [stdout] 9   | use serenity::FutureExt;
[INFO] [stdout]     |
[INFO] [stdout] 
[INFO] [stdout] 
[INFO] [stdout] error[E0599]: no method named `map` found for opaque type `impl std::future::Future` in the current scope
[INFO] [stdout]    --> src/main.rs:143:5
[INFO] [stdout]     |
[INFO] [stdout] 143 |             .map(Channel::guild);
[INFO] [stdout]     |              ^^^ method not found in `impl std::future::Future`
[INFO] [stdout]     |
[INFO] [stdout]     = note: the method `map` exists but the following trait bounds were not satisfied:
[INFO] [stdout]             `impl std::future::Future: Iterator`
[INFO] [stdout]             which is required by `&mut impl std::future::Future: Iterator`
[INFO] [stdout]     = help: items from traits can only be used if the trait is in scope
[INFO] [stdout] help: consider awaiting before this method call
[INFO] [stdout]     |
[INFO] [stdout] 143 |             .await.map(Channel::guild);
[INFO] [stdout]     |              ^^^^^^
[INFO] [stdout] help: the following trait is implemented but not in scope; perhaps add a `use` for it:
[INFO] [stdout]     |
[INFO] [stdout] 9   | use serenity::FutureExt;
[INFO] [stdout]     |
[INFO] [stdout] 
[INFO] [stdout] 
[INFO] [stdout] error[E0308]: mismatched types
[INFO] [stdout]    --> src/main.rs:116:4
[INFO] [stdout]     |
[INFO] [stdout] 116 |             Some(c) => c.read().id,
[INFO] [stdout]     |             ^^^^^^^ expected opaque type, found enum `std::option::Option`
[INFO] [stdout]     | 
[INFO] [stdout]    ::: /opt/rustwide/cargo-home/registry/src/github.com-1ecc6299db9ec823/serenity-0.9.0-rc.1/src/model/channel/message.rs:398:60
[INFO] [stdout]     |
[INFO] [stdout] 398 |     pub async fn guild(&self, cache: impl AsRef<Cache>) -> Option<Guild> {
[INFO] [stdout]     |                                                            ------------- the `Output` of this `async fn`'s expected opaque type
[INFO] [stdout]     |
[INFO] [stdout]     = note: expected opaque type `impl std::future::Future`
[INFO] [stdout]                       found enum `std::option::Option<_>`
[INFO] [stdout] 
[INFO] [stdout] 
[INFO] [stdout] error[E0308]: mismatched types
[INFO] [stdout]    --> src/main.rs:117:4
[INFO] [stdout]     |
[INFO] [stdout] 117 |             None => {
[INFO] [stdout]     |             ^^^^ expected opaque type, found enum `std::option::Option`
[INFO] [stdout]     | 
[INFO] [stdout]    ::: /opt/rustwide/cargo-home/registry/src/github.com-1ecc6299db9ec823/serenity-0.9.0-rc.1/src/model/channel/message.rs:398:60
[INFO] [stdout]     |
[INFO] [stdout] 398 |     pub async fn guild(&self, cache: impl AsRef<Cache>) -> Option<Guild> {
[INFO] [stdout]     |                                                            ------------- the `Output` of this `async fn`'s expected opaque type
[INFO] [stdout]     |
[INFO] [stdout]     = note: expected opaque type `impl std::future::Future`
[INFO] [stdout]                       found enum `std::option::Option<_>`
[INFO] [stdout] 
[INFO] [stdout] 
[INFO] [stdout] error[E0599]: no method named `map` found for opaque type `impl std::future::Future` in the current scope
[INFO] [stdout]    --> src/main.rs:128:5
[INFO] [stdout]     |
[INFO] [stdout] 128 |             .map(Channel::guild);
[INFO] [stdout]     |              ^^^ method not found in `impl std::future::Future`
[INFO] [stdout]     |
[INFO] [stdout]     = note: the method `map` exists but the following trait bounds were not satisfied:
[INFO] [stdout]             `impl std::future::Future: Iterator`
[INFO] [stdout]             which is required by `&mut impl std::future::Future: Iterator`
[INFO] [stdout]     = help: items from traits can only be used if the trait is in scope
[INFO] [stdout] help: consider awaiting before this method call
[INFO] [stdout]     |
[INFO] [stdout] 128 |             .await.map(Channel::guild);
[INFO] [stdout]     |              ^^^^^^
[INFO] [stdout] help: the following trait is implemented but not in scope; perhaps add a `use` for it:
[INFO] [stdout]     |
[INFO] [stdout] 9   | use serenity::FutureExt;
[INFO] [stdout]     |
[INFO] [stdout] 
[INFO] [stdout] 
[INFO] [stdout] error[E0599]: no method named `map` found for opaque type `impl std::future::Future` in the current scope
[INFO] [stdout]    --> src/main.rs:143:5
[INFO] [stdout]     |
[INFO] [stdout] 143 |             .map(Channel::guild);
[INFO] [stdout]     |              ^^^ method not found in `impl std::future::Future`
[INFO] [stdout]     |
[INFO] [stdout]     = note: the method `map` exists but the following trait bounds were not satisfied:
[INFO] [stdout]             `impl std::future::Future: Iterator`
[INFO] [stdout]             which is required by `&mut impl std::future::Future: Iterator`
[INFO] [stdout]     = help: items from traits can only be used if the trait is in scope
[INFO] [stdout] help: consider awaiting before this method call
[INFO] [stdout]     |
[INFO] [stdout] 143 |             .await.map(Channel::guild);
[INFO] [stdout]     |              ^^^^^^
[INFO] [stdout] help: the following trait is implemented but not in scope; perhaps add a `use` for it:
[INFO] [stdout]     |
[INFO] [stdout] 9   | use serenity::FutureExt;
[INFO] [stdout]     |
[INFO] [stdout] 
[INFO] [stdout] 
[INFO] [stdout] error[E0061]: this function takes 1 argument but 2 arguments were supplied
[INFO] [stdout]    --> src/main.rs:217:19
[INFO] [stdout]     |
[INFO] [stdout] 217 |     let mut client = Client::new(&token_raw, FelyneEvts {})
[INFO] [stdout]     |                      ^^^^^^^^^^^ ----------  ------------- supplied 2 arguments
[INFO] [stdout]     |                      |
[INFO] [stdout]     |                      expected 1 argument
[INFO] [stdout] 
[INFO] [stdout] 
[INFO] [stdout] error[E0061]: this function takes 1 argument but 2 arguments were supplied
[INFO] [stdout]    --> src/main.rs:217:19
[INFO] [stdout]     |
[INFO] [stdout] 217 |     let mut client = Client::new(&token_raw, FelyneEvts {})
[INFO] [stdout]     |                      ^^^^^^^^^^^ ----------  ------------- supplied 2 arguments
[INFO] [stdout]     |                      |
[INFO] [stdout]     |                      expected 1 argument
[INFO] [stdout] 
[INFO] [stdout] 
[INFO] [stdout] error[E0599]: no method named `expect` found for struct `ClientBuilder<'_>` in the current scope
[INFO] [stdout]    --> src/main.rs:218:4
[INFO] [stdout]     |
[INFO] [stdout] 218 |         .expect("(I couldn't connyect...)");
[INFO] [stdout]     |          ^^^^^^ method not found in `ClientBuilder<'_>`
[INFO] [stdout] 
[INFO] [stdout] 
[INFO] [stdout] error[E0599]: no method named `expect` found for opaque type `impl std::future::Future` in the current scope
[INFO] [stdout]    --> src/main.rs:275:40
[INFO] [stdout]     |
[INFO] [stdout] 275 |         let base = voice::ffmpeg(&file_name).expect("File should be in root folder.");
[INFO] [stdout]     |                                              ^^^^^^ method not found in `impl std::future::Future`
[INFO] [stdout]     |
[INFO] [stdout] help: consider awaiting before this method call
[INFO] [stdout]     |
[INFO] [stdout] 275 |         let base = voice::ffmpeg(&file_name).await.expect("File should be in root folder.");
[INFO] [stdout]     |                                              ^^^^^^
[INFO] [stdout] 
[INFO] [stdout] 
[INFO] [stdout] error[E0599]: no method named `expect` found for struct `ClientBuilder<'_>` in the current scope
[INFO] [stdout]    --> src/main.rs:218:4
[INFO] [stdout]     |
[INFO] [stdout] 218 |         .expect("(I couldn't connyect...)");
[INFO] [stdout]     |          ^^^^^^ method not found in `ClientBuilder<'_>`
[INFO] [stdout] 
[INFO] [stdout] 
[INFO] [stdout] error[E0599]: no method named `expect` found for opaque type `impl std::future::Future` in the current scope
[INFO] [stdout]    --> src/main.rs:275:40
[INFO] [stdout]     |
[INFO] [stdout] 275 |         let base = voice::ffmpeg(&file_name).expect("File should be in root folder.");
[INFO] [stdout]     |                                              ^^^^^^ method not found in `impl std::future::Future`
[INFO] [stdout]     |
[INFO] [stdout] help: consider awaiting before this method call
[INFO] [stdout]     |
[INFO] [stdout] 275 |         let base = voice::ffmpeg(&file_name).await.expect("File should be in root folder.");
[INFO] [stdout]     |                                              ^^^^^^
[INFO] [stdout] 
[INFO] [stdout] 
[INFO] [stdout] error[E0308]: mismatched types
[INFO] [stdout]    --> src/main.rs:465:12
[INFO] [stdout]     |
[INFO] [stdout] 465 |     check_msg(msg.reply(ctx, "???"));
[INFO] [stdout]     |               ^^^^^^^^^^^^^^^^^^^^^ expected enum `std::result::Result`, found opaque type
[INFO] [stdout]     | 
[INFO] [stdout]    ::: /opt/rustwide/cargo-home/registry/src/github.com-1ecc6299db9ec823/serenity-0.9.0-rc.1/src/model/channel/message.rs:562:85
[INFO] [stdout]     |
[INFO] [stdout] 562 |     pub async fn reply(&self, cache_http: impl CacheHttp, content: impl Display) -> Result<Message> {
[INFO] [stdout]     |                                                                                     --------------- the `Output` of this `async fn`'s found opaque type
[INFO] [stdout]     |
[INFO] [stdout]     = note:     expected enum `std::result::Result<serenity::model::channel::Message, SerenityError>`
[INFO] [stdout]             found opaque type `impl std::future::Future`
[INFO] [stdout] 
[INFO] [stdout] 
[INFO] [stdout] error[E0308]: mismatched types
[INFO] [stdout]    --> src/main.rs:465:12
[INFO] [stdout]     |
[INFO] [stdout] 465 |     check_msg(msg.reply(ctx, "???"));
[INFO] [stdout]     |               ^^^^^^^^^^^^^^^^^^^^^ expected enum `std::result::Result`, found opaque type
[INFO] [stdout]     | 
[INFO] [stdout]    ::: /opt/rustwide/cargo-home/registry/src/github.com-1ecc6299db9ec823/serenity-0.9.0-rc.1/src/model/channel/message.rs:562:85
[INFO] [stdout]     |
[INFO] [stdout] 562 |     pub async fn reply(&self, cache_http: impl CacheHttp, content: impl Display) -> Result<Message> {
[INFO] [stdout]     |                                                                                     --------------- the `Output` of this `async fn`'s found opaque type
[INFO] [stdout]     |
[INFO] [stdout]     = note:     expected enum `std::result::Result<serenity::model::channel::Message, SerenityError>`
[INFO] [stdout]             found opaque type `impl std::future::Future`
[INFO] [stdout] 
[INFO] [stdout] 
[INFO] [stdout] error[E0599]: no method named `get_mut` found for opaque type `impl std::future::Future` in the current scope
[INFO] [stdout]    --> src/voicehunt/mod.rs:323:33
[INFO] [stdout]     |
[INFO] [stdout] 323 |     if let Some(handler) = manager.get_mut(guild_id) {
[INFO] [stdout]     |                                    ^^^^^^^ method not found in `impl std::future::Future`
[INFO] [stdout] 
[INFO] [stdout] 
[INFO] [stdout] error[E0599]: no method named `leave` found for opaque type `impl std::future::Future` in the current scope
[INFO] [stdout]    --> src/voicehunt/mod.rs:331:10
[INFO] [stdout]     |
[INFO] [stdout] 331 |     manager.leave(guild_id);
[INFO] [stdout]     |             ^^^^^ method not found in `impl std::future::Future`
[INFO] [stdout] 
[INFO] [stdout] 
[INFO] [stdout] error[E0599]: no method named `play_source` found for mutable reference `&mut Handler` in the current scope
[INFO] [stdout]    --> src/voicehunt/mod.rs:406:20
[INFO] [stdout]     |
[INFO] [stdout] 406 |         .map(|guard| vox.play_source(guard.value().into()))
[INFO] [stdout]     |                          ^^^^^^^^^^^ method not found in `&mut Handler`
[INFO] [stdout] 
[INFO] [stdout] 
[INFO] [stdout] error[E0599]: no variant or associated item named `Track` found for enum `serenity::model::event::Event` in the current scope
[INFO] [stdout]    --> src/voicehunt/mod.rs:409:12
[INFO] [stdout]     |
[INFO] [stdout] 409 |                 Event::Track(TrackEvent::End),
[INFO] [stdout]     |                        ^^^^^ variant or associated item not found in `serenity::model::event::Event`
[INFO] [stdout] 
[INFO] [stdout] 
[INFO] [stdout] error[E0599]: no method named `play_source` found for mutable reference `&mut Handler` in the current scope
[INFO] [stdout]    --> src/voicehunt/mod.rs:443:20
[INFO] [stdout]     |
[INFO] [stdout] 443 |         .map(|guard| vox.play_source(guard.value().into()))
[INFO] [stdout]     |                          ^^^^^^^^^^^ method not found in `&mut Handler`
[INFO] [stdout] 
[INFO] [stdout] 
[INFO] [stdout] error[E0599]: no variant or associated item named `Track` found for enum `serenity::model::event::Event` in the current scope
[INFO] [stdout]    --> src/voicehunt/mod.rs:446:12
[INFO] [stdout]     |
[INFO] [stdout] 446 |                 Event::Track(TrackEvent::End),
[INFO] [stdout]     |                        ^^^^^ variant or associated item not found in `serenity::model::event::Event`
[INFO] [stdout] 
[INFO] [stdout] 
[INFO] [stdout] error[E0599]: no method named `is_some` found for opaque type `impl std::future::Future` in the current scope
[INFO] [stdout]    --> src/voicehunt/mod.rs:576:33
[INFO] [stdout]     |
[INFO] [stdout] 576 |                             let already_spawned = nc.is_some();
[INFO] [stdout]     |                                                      ^^^^^^^ method not found in `impl std::future::Future`
[INFO] [stdout] 
[INFO] [stdout] 
[INFO] [stdout] error[E0614]: type `impl std::future::Future` cannot be dereferenced
[INFO] [stdout]    --> src/voicehunt/mod.rs:578:9
[INFO] [stdout]     |
[INFO] [stdout] 578 |                                 *nc = Some(WaitState::Queued(chan));
[INFO] [stdout]     |                                 ^^^
[INFO] [stdout] 
[INFO] [stdout] 
[INFO] [stdout] error[E0614]: type `impl std::future::Future` cannot be dereferenced
[INFO] [stdout]    --> src/voicehunt/mod.rs:580:9
[INFO] [stdout]     |
[INFO] [stdout] 580 |                                 *nc = Some(WaitState::Limited);
[INFO] [stdout]     |                                 ^^^
[INFO] [stdout] 
[INFO] [stdout] 
[INFO] [stdout] error[E0614]: type `impl std::future::Future` cannot be dereferenced
[INFO] [stdout]    --> src/voicehunt/mod.rs:594:48
[INFO] [stdout]     |
[INFO] [stdout] 594 |                                 if let Some(WaitState::Queued(chan)) = *nc {
[INFO] [stdout]     |                                                                        ^^^
[INFO] [stdout] 
[INFO] [stdout] 
[INFO] [stdout] error[E0614]: type `impl std::future::Future` cannot be dereferenced
[INFO] [stdout]    --> src/voicehunt/mod.rs:597:9
[INFO] [stdout]     |
[INFO] [stdout] 597 |                                 *nc = None;
[INFO] [stdout]     |                                 ^^^
[INFO] [stdout]     |
[INFO] [stdout] help: parentheses are required to parse this as an expression
[INFO] [stdout]     |
[INFO] [stdout] 594 |                                 (if let Some(WaitState::Queued(chan)) = *nc {
[INFO] [stdout] 595 |                                     newer_tx.send(VoiceHuntMessage::Channel(chan, false));
[INFO] [stdout] 596 |                                 })
[INFO] [stdout]     |
[INFO] [stdout] 
[INFO] [stdout] 
[INFO] [stdout] error[E0599]: no method named `join` found for opaque type `impl std::future::Future` in the current scope
[INFO] [stdout]    --> src/voicehunt/mod.rs:612:17
[INFO] [stdout]     |
[INFO] [stdout] 612 |                     if manager.join(guild_id, chan).is_some() {
[INFO] [stdout]     |                                ^^^^ method not found in `impl std::future::Future`
[INFO] [stdout] 
[INFO] [stdout] 
[INFO] [stdout] error[E0599]: no method named `get_mut` found for opaque type `impl std::future::Future` in the current scope
[INFO] [stdout]    --> src/voicehunt/mod.rs:614:33
[INFO] [stdout]     |
[INFO] [stdout] 614 |                         let mut handler = manager.get_mut(guild_id).unwrap();
[INFO] [stdout]     |                                                   ^^^^^^^ method not found in `impl std::future::Future`
[INFO] [stdout] 
[INFO] [stdout] 
[INFO] [stdout] error[E0599]: no method named `get_mut` found for opaque type `impl std::future::Future` in the current scope
[INFO] [stdout]    --> src/voicehunt/mod.rs:678:41
[INFO] [stdout]     |
[INFO] [stdout] 678 |                     if let Some(mut handler) = manager.get_mut(guild_id){
[INFO] [stdout]     |                                                        ^^^^^^^ method not found in `impl std::future::Future`
[INFO] [stdout] 
[INFO] [stdout] 
[INFO] [stdout] error[E0599]: no method named `get_mut` found for opaque type `impl std::future::Future` in the current scope
[INFO] [stdout]    --> src/voicehunt/mod.rs:323:33
[INFO] [stdout]     |
[INFO] [stdout] 323 |     if let Some(handler) = manager.get_mut(guild_id) {
[INFO] [stdout]     |                                    ^^^^^^^ method not found in `impl std::future::Future`
[INFO] [stdout] 
[INFO] [stdout] 
[INFO] [stdout] error[E0599]: no method named `get_mut` found for opaque type `impl std::future::Future` in the current scope
[INFO] [stdout]    --> src/voicehunt/mod.rs:739:41
[INFO] [stdout]     |
[INFO] [stdout] 739 |                     if let Some(mut handler) = manager.get_mut(guild_id){
[INFO] [stdout]     |                                                        ^^^^^^^ method not found in `impl std::future::Future`
[INFO] [stdout] 
[INFO] [stdout] 
[INFO] [stdout] error[E0599]: no method named `leave` found for opaque type `impl std::future::Future` in the current scope
[INFO] [stdout]    --> src/voicehunt/mod.rs:331:10
[INFO] [stdout]     |
[INFO] [stdout] 331 |     manager.leave(guild_id);
[INFO] [stdout]     |             ^^^^^ method not found in `impl std::future::Future`
[INFO] [stdout] 
[INFO] [stdout] 
[INFO] [stdout] error[E0599]: no method named `play_source` found for mutable reference `&mut Handler` in the current scope
[INFO] [stdout]    --> src/voicehunt/mod.rs:406:20
[INFO] [stdout]     |
[INFO] [stdout] 406 |         .map(|guard| vox.play_source(guard.value().into()))
[INFO] [stdout]     |                          ^^^^^^^^^^^ method not found in `&mut Handler`
[INFO] [stdout] 
[INFO] [stdout] 
[INFO] [stdout] error[E0599]: no method named `get` found for opaque type `impl std::future::Future` in the current scope
[INFO] [stdout]    --> src/voicehunt/mod.rs:792:33
[INFO] [stdout]     |
[INFO] [stdout] 792 |     let voice_manager_lock = datas.get::<VoiceManager>().cloned().unwrap().clone();
[INFO] [stdout]     |                                    ^^^ method not found in `impl std::future::Future`
[INFO] [stdout] 
[INFO] [stdout] 
[INFO] [stdout] error[E0599]: no method named `get` found for opaque type `impl std::future::Future` in the current scope
[INFO] [stdout]    --> src/voicehunt/mod.rs:794:24
[INFO] [stdout]     |
[INFO] [stdout] 794 |     let resources = datas.get::<Resources>()
[INFO] [stdout]     |                           ^^^ method not found in `impl std::future::Future`
[INFO] [stdout] 
[INFO] [stdout] 
[INFO] [stdout] error[E0599]: no method named `get_mut` found for opaque type `impl std::future::Future` in the current scope
[INFO] [stdout]    --> src/voicehunt/mod.rs:798:8
[INFO] [stdout]     |
[INFO] [stdout] 798 |     datas.get_mut::<VoiceHunt>()
[INFO] [stdout]     |           ^^^^^^^ method not found in `impl std::future::Future`
[INFO] [stdout] 
[INFO] [stdout] 
[INFO] [stdout] error[E0599]: no variant or associated item named `Track` found for enum `serenity::model::event::Event` in the current scope
[INFO] [stdout]    --> src/voicehunt/mod.rs:409:12
[INFO] [stdout]     |
[INFO] [stdout] 409 |                 Event::Track(TrackEvent::End),
[INFO] [stdout]     |                        ^^^^^ variant or associated item not found in `serenity::model::event::Event`
[INFO] [stdout] 
[INFO] [stdout] 
[INFO] [stdout] error[E0599]: no method named `play_source` found for mutable reference `&mut Handler` in the current scope
[INFO] [stdout]    --> src/voicehunt/mod.rs:443:20
[INFO] [stdout]     |
[INFO] [stdout] 443 |         .map(|guard| vox.play_source(guard.value().into()))
[INFO] [stdout]     |                          ^^^^^^^^^^^ method not found in `&mut Handler`
[INFO] [stdout] 
[INFO] [stdout] 
[INFO] [stdout] error[E0599]: no variant or associated item named `Track` found for enum `serenity::model::event::Event` in the current scope
[INFO] [stdout]    --> src/voicehunt/mod.rs:446:12
[INFO] [stdout]     |
[INFO] [stdout] 446 |                 Event::Track(TrackEvent::End),
[INFO] [stdout]     |                        ^^^^^ variant or associated item not found in `serenity::model::event::Event`
[INFO] [stdout] 
[INFO] [stdout] 
[INFO] [stdout] error[E0599]: no method named `read` found for struct `Arc<Cache>` in the current scope
[INFO] [stdout]    --> src/voicehunt/mod.rs:801:55
[INFO] [stdout]     |
[INFO] [stdout] 801 |         .or_insert_with(|| VHState::new(guild_id, ctx.cache.read().user.id, also_vox_lock, resources.clone()))
[INFO] [stdout]     |                                                             ^^^^ method not found in `Arc<Cache>`
[INFO] [stdout] 
[INFO] [stdout] 
[INFO] [stdout] error[E0599]: no method named `get` found for opaque type `impl std::future::Future` in the current scope
[INFO] [stdout]    --> src/voicehunt/mod.rs:808:33
[INFO] [stdout]     |
[INFO] [stdout] 808 |     let voice_manager_lock = datas.get::<VoiceManager>().cloned().unwrap().clone();
[INFO] [stdout]     |                                    ^^^ method not found in `impl std::future::Future`
[INFO] [stdout] 
[INFO] [stdout] 
[INFO] [stdout] error[E0599]: no method named `get` found for opaque type `impl std::future::Future` in the current scope
[INFO] [stdout]    --> src/voicehunt/mod.rs:809:24
[INFO] [stdout]     |
[INFO] [stdout] 809 |     let resources = datas.get::<Resources>()
[INFO] [stdout]     |                           ^^^ method not found in `impl std::future::Future`
[INFO] [stdout] 
[INFO] [stdout] 
[INFO] [stdout] error[E0599]: no method named `get_mut` found for opaque type `impl std::future::Future` in the current scope
[INFO] [stdout]    --> src/voicehunt/mod.rs:813:8
[INFO] [stdout]     |
[INFO] [stdout] 813 |     datas.get_mut::<VoiceHunt>()
[INFO] [stdout]     |           ^^^^^^^ method not found in `impl std::future::Future`
[INFO] [stdout] 
[INFO] [stdout] 
[INFO] [stdout] error[E0599]: no method named `is_some` found for opaque type `impl std::future::Future` in the current scope
[INFO] [stdout]    --> src/voicehunt/mod.rs:576:33
[INFO] [stdout]     |
[INFO] [stdout] 576 |                             let already_spawned = nc.is_some();
[INFO] [stdout]     |                                                      ^^^^^^^ method not found in `impl std::future::Future`
[INFO] [stdout] 
[INFO] [stdout] 
[INFO] [stdout] error[E0614]: type `impl std::future::Future` cannot be dereferenced
[INFO] [stdout]    --> src/voicehunt/mod.rs:578:9
[INFO] [stdout]     |
[INFO] [stdout] 578 |                                 *nc = Some(WaitState::Queued(chan));
[INFO] [stdout]     |                                 ^^^
[INFO] [stdout] 
[INFO] [stdout] 
[INFO] [stdout] error[E0614]: type `impl std::future::Future` cannot be dereferenced
[INFO] [stdout]    --> src/voicehunt/mod.rs:580:9
[INFO] [stdout]     |
[INFO] [stdout] 580 |                                 *nc = Some(WaitState::Limited);
[INFO] [stdout]     |                                 ^^^
[INFO] [stdout] 
[INFO] [stdout] 
[INFO] [stdout] error[E0614]: type `impl std::future::Future` cannot be dereferenced
[INFO] [stdout]    --> src/voicehunt/mod.rs:594:48
[INFO] [stdout]     |
[INFO] [stdout] 594 |                                 if let Some(WaitState::Queued(chan)) = *nc {
[INFO] [stdout]     |                                                                        ^^^
[INFO] [stdout] 
[INFO] [stdout] 
[INFO] [stdout] error[E0614]: type `impl std::future::Future` cannot be dereferenced
[INFO] [stdout]    --> src/voicehunt/mod.rs:597:9
[INFO] [stdout]     |
[INFO] [stdout] 597 |                                 *nc = None;
[INFO] [stdout]     |                                 ^^^
[INFO] [stdout]     |
[INFO] [stdout] help: parentheses are required to parse this as an expression
[INFO] [stdout]     |
[INFO] [stdout] 594 |                                 (if let Some(WaitState::Queued(chan)) = *nc {
[INFO] [stdout] 595 |                                     newer_tx.send(VoiceHuntMessage::Channel(chan, false));
[INFO] [stdout] 596 |                                 })
[INFO] [stdout]     |
[INFO] [stdout] 
[INFO] [stdout] 
[INFO] [stdout] error[E0599]: no method named `read` found for struct `Arc<Cache>` in the current scope
[INFO] [stdout]    --> src/voicehunt/mod.rs:816:55
[INFO] [stdout]     |
[INFO] [stdout] 816 |         .or_insert_with(|| VHState::new(guild_id, ctx.cache.read().user.id, voice_manager_lock, resources))
[INFO] [stdout]     |                                                             ^^^^ method not found in `Arc<Cache>`
[INFO] [stdout] 
[INFO] [stdout] 
[INFO] [stdout] error[E0599]: no method named `get` found for opaque type `impl std::future::Future` in the current scope
[INFO] [stdout]    --> src/voicehunt/mod.rs:822:33
[INFO] [stdout]     |
[INFO] [stdout] 822 |     let voice_manager_lock = datas.get::<VoiceManager>().cloned().unwrap().clone();
[INFO] [stdout]     |                                    ^^^ method not found in `impl std::future::Future`
[INFO] [stdout] 
[INFO] [stdout] 
[INFO] [stdout] error[E0599]: no method named `get` found for opaque type `impl std::future::Future` in the current scope
[INFO] [stdout]    --> src/voicehunt/mod.rs:823:24
[INFO] [stdout]     |
[INFO] [stdout] 823 |     let resources = datas.get::<Resources>()
[INFO] [stdout]     |                           ^^^ method not found in `impl std::future::Future`
[INFO] [stdout] 
[INFO] [stdout] 
[INFO] [stdout] error[E0599]: no method named `join` found for opaque type `impl std::future::Future` in the current scope
[INFO] [stdout]    --> src/voicehunt/mod.rs:612:17
[INFO] [stdout]     |
[INFO] [stdout] 612 |                     if manager.join(guild_id, chan).is_some() {
[INFO] [stdout]     |                                ^^^^ method not found in `impl std::future::Future`
[INFO] [stdout] 
[INFO] [stdout] 
[INFO] [stdout] error[E0599]: no method named `get_mut` found for opaque type `impl std::future::Future` in the current scope
[INFO] [stdout]    --> src/voicehunt/mod.rs:827:8
[INFO] [stdout]     |
[INFO] [stdout] 827 |     datas.get_mut::<VoiceHunt>()
[INFO] [stdout]     |           ^^^^^^^ method not found in `impl std::future::Future`
[INFO] [stdout] 
[INFO] [stdout] 
[INFO] [stdout] error[E0599]: no method named `get_mut` found for opaque type `impl std::future::Future` in the current scope
[INFO] [stdout]    --> src/voicehunt/mod.rs:614:33
[INFO] [stdout]     |
[INFO] [stdout] 614 |                         let mut handler = manager.get_mut(guild_id).unwrap();
[INFO] [stdout]     |                                                   ^^^^^^^ method not found in `impl std::future::Future`
[INFO] [stdout] 
[INFO] [stdout] 
[INFO] [stdout] error[E0599]: no method named `read` found for struct `Arc<Cache>` in the current scope
[INFO] [stdout]    --> src/voicehunt/mod.rs:830:55
[INFO] [stdout]     |
[INFO] [stdout] 830 |         .or_insert_with(|| VHState::new(guild_id, ctx.cache.read().user.id, voice_manager_lock, resources.clone()))
[INFO] [stdout]     |                                                             ^^^^ method not found in `Arc<Cache>`
[INFO] [stdout] 
[INFO] [stdout] 
[INFO] [stdout] error[E0599]: no method named `get_mut` found for opaque type `impl std::future::Future` in the current scope
[INFO] [stdout]    --> src/voicehunt/mod.rs:678:41
[INFO] [stdout]     |
[INFO] [stdout] 678 |                     if let Some(mut handler) = manager.get_mut(guild_id){
[INFO] [stdout]     |                                                        ^^^^^^^ method not found in `impl std::future::Future`
[INFO] [stdout] 
[INFO] [stdout] 
[INFO] [stdout] error[E0599]: no method named `get_mut` found for opaque type `impl std::future::Future` in the current scope
[INFO] [stdout]    --> src/voicehunt/mod.rs:739:41
[INFO] [stdout]     |
[INFO] [stdout] 739 |                     if let Some(mut handler) = manager.get_mut(guild_id){
[INFO] [stdout]     |                                                        ^^^^^^^ method not found in `impl std::future::Future`
[INFO] [stdout] 
[INFO] [stdout] 
[INFO] [stdout] error[E0599]: no method named `add_global_event` found for mutable reference `&mut Handler` in the current scope
[INFO] [stdout]    --> src/voicehunt/receiver.rs:259:10
[INFO] [stdout]     |
[INFO] [stdout] 259 |     handler.add_global_event(
[INFO] [stdout]     |             ^^^^^^^^^^^^^^^^ method not found in `&mut Handler`
[INFO] [stdout] 
[INFO] [stdout] 
[INFO] [stdout] error[E0599]: no method named `get` found for opaque type `impl std::future::Future` in the current scope
[INFO] [stdout]    --> src/voicehunt/mod.rs:792:33
[INFO] [stdout]     |
[INFO] [stdout] 792 |     let voice_manager_lock = datas.get::<VoiceManager>().cloned().unwrap().clone();
[INFO] [stdout]     |                                    ^^^ method not found in `impl std::future::Future`
[INFO] [stdout] 
[INFO] [stdout] 
[INFO] [stdout] error[E0599]: no method named `add_global_event` found for mutable reference `&mut Handler` in the current scope
[INFO] [stdout]    --> src/voicehunt/receiver.rs:282:10
[INFO] [stdout]     |
[INFO] [stdout] 282 |     handler.add_global_event(
[INFO] [stdout]     |             ^^^^^^^^^^^^^^^^ method not found in `&mut Handler`
[INFO] [stdout] 
[INFO] [stdout] 
[INFO] [stdout] error[E0599]: no method named `get` found for opaque type `impl std::future::Future` in the current scope
[INFO] [stdout]    --> src/voicehunt/mod.rs:794:24
[INFO] [stdout]     |
[INFO] [stdout] 794 |     let resources = datas.get::<Resources>()
[INFO] [stdout]     |                           ^^^ method not found in `impl std::future::Future`
[INFO] [stdout] 
[INFO] [stdout] 
[INFO] [stdout] error[E0599]: no method named `get_mut` found for opaque type `impl std::future::Future` in the current scope
[INFO] [stdout]    --> src/voicehunt/mod.rs:798:8
[INFO] [stdout]     |
[INFO] [stdout] 798 |     datas.get_mut::<VoiceHunt>()
[INFO] [stdout]     |           ^^^^^^^ method not found in `impl std::future::Future`
[INFO] [stdout] 
[INFO] [stdout] 
[INFO] [stdout] error[E0599]: no method named `add_global_event` found for mutable reference `&mut Handler` in the current scope
[INFO] [stdout]    --> src/voicehunt/receiver.rs:309:10
[INFO] [stdout]     |
[INFO] [stdout] 309 |     handler.add_global_event(
[INFO] [stdout]     |             ^^^^^^^^^^^^^^^^ method not found in `&mut Handler`
[INFO] [stdout] 
[INFO] [stdout] 
[INFO] [stdout] error[E0599]: no method named `add_global_event` found for mutable reference `&mut Handler` in the current scope
[INFO] [stdout]    --> src/voicehunt/receiver.rs:325:10
[INFO] [stdout]     |
[INFO] [stdout] 325 |     handler.add_global_event(
[INFO] [stdout]     |             ^^^^^^^^^^^^^^^^ method not found in `&mut Handler`
[INFO] [stdout] 
[INFO] [stdout] 
[INFO] [stdout] error[E0599]: no method named `add_global_event` found for mutable reference `&mut Handler` in the current scope
[INFO] [stdout]    --> src/voicehunt/receiver.rs:348:10
[INFO] [stdout]     |
[INFO] [stdout] 348 |     handler.add_global_event(
[INFO] [stdout]     |             ^^^^^^^^^^^^^^^^ method not found in `&mut Handler`
[INFO] [stdout] 
[INFO] [stdout] 
[INFO] [stdout] error[E0599]: no method named `add_global_event` found for mutable reference `&mut Handler` in the current scope
[INFO] [stdout]    --> src/voicehunt/receiver.rs:371:10
[INFO] [stdout]     |
[INFO] [stdout] 371 |     handler.add_global_event(
[INFO] [stdout]     |             ^^^^^^^^^^^^^^^^ method not found in `&mut Handler`
[INFO] [stdout] 
[INFO] [stdout] 
[INFO] [stdout] error[E0308]: mismatched types
[INFO] [stdout]    --> src/watchcat.rs:52:6
[INFO] [stdout]     |
[INFO] [stdout] 52  |                     Ok(val) => {
[INFO] [stdout]     |                     ^^^^^^^ expected opaque type, found enum `std::result::Result`
[INFO] [stdout]     | 
[INFO] [stdout]    ::: /opt/rustwide/cargo-home/registry/src/github.com-1ecc6299db9ec823/serenity-0.9.0-rc.1/src/model/channel/attachment.rs:116:37
[INFO] [stdout]     |
[INFO] [stdout] 116 |     pub async fn download(&self) -> Result<Vec<u8>> {
[INFO] [stdout]     |                                     --------------- the `Output` of this `async fn`'s expected opaque type
[INFO] [stdout]     |
[INFO] [stdout]     = note: expected opaque type `impl std::future::Future`
[INFO] [stdout]                       found enum `std::result::Result<_, _>`
[INFO] [stdout] 
[INFO] [stdout] 
[INFO] [stdout] error[E0308]: mismatched types
[INFO] [stdout]    --> src/watchcat.rs:56:6
[INFO] [stdout]     |
[INFO] [stdout] 56  |                     Err(e) => warn!("Couldn't download attachment {}: {:?}", a.filename, e),
[INFO] [stdout]     |                     ^^^^^^ expected opaque type, found enum `std::result::Result`
[INFO] [stdout]     | 
[INFO] [stdout]    ::: /opt/rustwide/cargo-home/registry/src/github.com-1ecc6299db9ec823/serenity-0.9.0-rc.1/src/model/channel/attachment.rs:116:37
[INFO] [stdout]     |
[INFO] [stdout] 116 |     pub async fn download(&self) -> Result<Vec<u8>> {
[INFO] [stdout]     |                                     --------------- the `Output` of this `async fn`'s expected opaque type
[INFO] [stdout]     |
[INFO] [stdout]     = note: expected opaque type `impl std::future::Future`
[INFO] [stdout]                       found enum `std::result::Result<_, _>`
[INFO] [stdout] 
[INFO] [stdout] 
[INFO] [stdout] error[E0614]: type `impl std::future::Future` cannot be dereferenced
[INFO] [stdout]   --> src/watchcat.rs:54:7
[INFO] [stdout]    |
[INFO] [stdout] 54 |                         *store_space = Some(val);
[INFO] [stdout]    |                         ^^^^^^^^^^^^
[INFO] [stdout] 
[INFO] [stdout] 
[INFO] [stdout] error[E0599]: no method named `read` found for struct `Arc<Cache>` in the current scope
[INFO] [stdout]    --> src/voicehunt/mod.rs:801:55
[INFO] [stdout]     |
[INFO] [stdout] 801 |         .or_insert_with(|| VHState::new(guild_id, ctx.cache.read().user.id, also_vox_lock, resources.clone()))
[INFO] [stdout]     |                                                             ^^^^ method not found in `Arc<Cache>`
[INFO] [stdout] 
[INFO] [stdout] 
[INFO] [stdout] error[E0599]: no method named `get` found for opaque type `impl std::future::Future` in the current scope
[INFO] [stdout]    --> src/watchcat.rs:153:29
[INFO] [stdout]     |
[INFO] [stdout] 153 |     let top_dog_holder = datas.get::<DeleteWatchcat>()
[INFO] [stdout]     |                                ^^^ method not found in `impl std::future::Future`
[INFO] [stdout] 
[INFO] [stdout] 
[INFO] [stdout] error[E0599]: no method named `get` found for opaque type `impl std::future::Future` in the current scope
[INFO] [stdout]    --> src/voicehunt/mod.rs:808:33
[INFO] [stdout]     |
[INFO] [stdout] 808 |     let voice_manager_lock = datas.get::<VoiceManager>().cloned().unwrap().clone();
[INFO] [stdout]     |                                    ^^^ method not found in `impl std::future::Future`
[INFO] [stdout] 
[INFO] [stdout] 
[INFO] [stdout] error[E0599]: no method named `get` found for opaque type `impl std::future::Future` in the current scope
[INFO] [stdout]    --> src/watchcat.rs:160:17
[INFO] [stdout]     |
[INFO] [stdout] 160 |     let db = datas.get::<Db>().expect("DB conn installed...");
[INFO] [stdout]     |                    ^^^ method not found in `impl std::future::Future`
[INFO] [stdout] 
[INFO] [stdout] 
[INFO] [stdout] error[E0599]: no method named `get` found for opaque type `impl std::future::Future` in the current scope
[INFO] [stdout]    --> src/voicehunt/mod.rs:809:24
[INFO] [stdout]     |
[INFO] [stdout] 809 |     let resources = datas.get::<Resources>()
[INFO] [stdout]     |                           ^^^ method not found in `impl std::future::Future`
[INFO] [stdout] 
[INFO] [stdout] 
[INFO] [stdout] error[E0599]: no method named `get` found for opaque type `impl std::future::Future` in the current scope
[INFO] [stdout]    --> src/watchcat.rs:161:21
[INFO] [stdout]     |
[INFO] [stdout] 161 |     let handle = datas.get::<TokioHandle>().expect("Handle installed...");
[INFO] [stdout]     |                        ^^^ method not found in `impl std::future::Future`
[INFO] [stdout] 
[INFO] [stdout] 
[INFO] [stdout] error[E0599]: no method named `get_mut` found for opaque type `impl std::future::Future` in the current scope
[INFO] [stdout]    --> src/voicehunt/mod.rs:813:8
[INFO] [stdout]     |
[INFO] [stdout] 813 |     datas.get_mut::<VoiceHunt>()
[INFO] [stdout]     |           ^^^^^^^ method not found in `impl std::future::Future`
[INFO] [stdout] 
[INFO] [stdout] 
[INFO] [stdout] error[E0599]: no method named `read` found for struct `Arc<Cache>` in the current scope
[INFO] [stdout]    --> src/voicehunt/mod.rs:816:55
[INFO] [stdout]     |
[INFO] [stdout] 816 |         .or_insert_with(|| VHState::new(guild_id, ctx.cache.read().user.id, voice_manager_lock, resources))
[INFO] [stdout]     |                                                             ^^^^ method not found in `Arc<Cache>`
[INFO] [stdout] 
[INFO] [stdout] 
[INFO] [stdout] error[E0599]: no method named `get` found for opaque type `impl std::future::Future` in the current scope
[INFO] [stdout]    --> src/voicehunt/mod.rs:822:33
[INFO] [stdout]     |
[INFO] [stdout] 822 |     let voice_manager_lock = datas.get::<VoiceManager>().cloned().unwrap().clone();
[INFO] [stdout]     |                                    ^^^ method not found in `impl std::future::Future`
[INFO] [stdout] 
[INFO] [stdout] 
[INFO] [stdout] error[E0599]: no method named `get` found for opaque type `impl std::future::Future` in the current scope
[INFO] [stdout]    --> src/voicehunt/mod.rs:823:24
[INFO] [stdout]     |
[INFO] [stdout] 823 |     let resources = datas.get::<Resources>()
[INFO] [stdout]     |                           ^^^ method not found in `impl std::future::Future`
[INFO] [stdout] 
[INFO] [stdout] 
[INFO] [stdout] error[E0599]: no method named `get_mut` found for opaque type `impl std::future::Future` in the current scope
[INFO] [stdout]    --> src/voicehunt/mod.rs:827:8
[INFO] [stdout]     |
[INFO] [stdout] 827 |     datas.get_mut::<VoiceHunt>()
[INFO] [stdout]     |           ^^^^^^^ method not found in `impl std::future::Future`
[INFO] [stdout] 
[INFO] [stdout] 
[INFO] [stdout] error[E0599]: no method named `read` found for struct `Arc<Cache>` in the current scope
[INFO] [stdout]    --> src/voicehunt/mod.rs:830:55
[INFO] [stdout]     |
[INFO] [stdout] 830 |         .or_insert_with(|| VHState::new(guild_id, ctx.cache.read().user.id, voice_manager_lock, resources.clone()))
[INFO] [stdout]     |                                                             ^^^^ method not found in `Arc<Cache>`
[INFO] [stdout] 
[INFO] [stdout] 
[INFO] [stdout] error[E0599]: no method named `add_global_event` found for mutable reference `&mut Handler` in the current scope
[INFO] [stdout]    --> src/voicehunt/receiver.rs:259:10
[INFO] [stdout]     |
[INFO] [stdout] 259 |     handler.add_global_event(
[INFO] [stdout]     |             ^^^^^^^^^^^^^^^^ method not found in `&mut Handler`
[INFO] [stdout] 
[INFO] [stdout] 
[INFO] [stdout] error[E0599]: no method named `add_global_event` found for mutable reference `&mut Handler` in the current scope
[INFO] [stdout]    --> src/voicehunt/receiver.rs:282:10
[INFO] [stdout]     |
[INFO] [stdout] 282 |     handler.add_global_event(
[INFO] [stdout]     |             ^^^^^^^^^^^^^^^^ method not found in `&mut Handler`
[INFO] [stdout] 
[INFO] [stdout] 
[INFO] [stdout] error[E0599]: no method named `add_global_event` found for mutable reference `&mut Handler` in the current scope
[INFO] [stdout]    --> src/voicehunt/receiver.rs:309:10
[INFO] [stdout]     |
[INFO] [stdout] 309 |     handler.add_global_event(
[INFO] [stdout]     |             ^^^^^^^^^^^^^^^^ method not found in `&mut Handler`
[INFO] [stdout] 
[INFO] [stdout] 
[INFO] [stdout] error[E0599]: no method named `add_global_event` found for mutable reference `&mut Handler` in the current scope
[INFO] [stdout]    --> src/voicehunt/receiver.rs:325:10
[INFO] [stdout]     |
[INFO] [stdout] 325 |     handler.add_global_event(
[INFO] [stdout]     |             ^^^^^^^^^^^^^^^^ method not found in `&mut Handler`
[INFO] [stdout] 
[INFO] [stdout] 
[INFO] [stdout] error[E0599]: no method named `add_global_event` found for mutable reference `&mut Handler` in the current scope
[INFO] [stdout]    --> src/voicehunt/receiver.rs:348:10
[INFO] [stdout]     |
[INFO] [stdout] 348 |     handler.add_global_event(
[INFO] [stdout]     |             ^^^^^^^^^^^^^^^^ method not found in `&mut Handler`
[INFO] [stdout] 
[INFO] [stdout] 
[INFO] [stdout] error[E0599]: no method named `add_global_event` found for mutable reference `&mut Handler` in the current scope
[INFO] [stdout]    --> src/voicehunt/receiver.rs:371:10
[INFO] [stdout]     |
[INFO] [stdout] 371 |     handler.add_global_event(
[INFO] [stdout]     |             ^^^^^^^^^^^^^^^^ method not found in `&mut Handler`
[INFO] [stdout] 
[INFO] [stdout] 
[INFO] [stdout] error[E0308]: mismatched types
[INFO] [stdout]    --> src/watchcat.rs:52:6
[INFO] [stdout]     |
[INFO] [stdout] 52  |                     Ok(val) => {
[INFO] [stdout]     |                     ^^^^^^^ expected opaque type, found enum `std::result::Result`
[INFO] [stdout]     | 
[INFO] [stdout]    ::: /opt/rustwide/cargo-home/registry/src/github.com-1ecc6299db9ec823/serenity-0.9.0-rc.1/src/model/channel/attachment.rs:116:37
[INFO] [stdout]     |
[INFO] [stdout] 116 |     pub async fn download(&self) -> Result<Vec<u8>> {
[INFO] [stdout]     |                                     --------------- the `Output` of this `async fn`'s expected opaque type
[INFO] [stdout]     |
[INFO] [stdout]     = note: expected opaque type `impl std::future::Future`
[INFO] [stdout]                       found enum `std::result::Result<_, _>`
[INFO] [stdout] 
[INFO] [stdout] 
[INFO] [stdout] error[E0308]: mismatched types
[INFO] [stdout]    --> src/watchcat.rs:56:6
[INFO] [stdout]     |
[INFO] [stdout] 56  |                     Err(e) => warn!("Couldn't download attachment {}: {:?}", a.filename, e),
[INFO] [stdout]     |                     ^^^^^^ expected opaque type, found enum `std::result::Result`
[INFO] [stdout]     | 
[INFO] [stdout]    ::: /opt/rustwide/cargo-home/registry/src/github.com-1ecc6299db9ec823/serenity-0.9.0-rc.1/src/model/channel/attachment.rs:116:37
[INFO] [stdout]     |
[INFO] [stdout] 116 |     pub async fn download(&self) -> Result<Vec<u8>> {
[INFO] [stdout]     |                                     --------------- the `Output` of this `async fn`'s expected opaque type
[INFO] [stdout]     |
[INFO] [stdout]     = note: expected opaque type `impl std::future::Future`
[INFO] [stdout]                       found enum `std::result::Result<_, _>`
[INFO] [stdout] 
[INFO] [stdout] 
[INFO] [stdout] error[E0614]: type `impl std::future::Future` cannot be dereferenced
[INFO] [stdout]   --> src/watchcat.rs:54:7
[INFO] [stdout]    |
[INFO] [stdout] 54 |                         *store_space = Some(val);
[INFO] [stdout]    |                         ^^^^^^^^^^^^
[INFO] [stdout] 
[INFO] [stdout] 
[INFO] [stdout] error[E0599]: no method named `get` found for opaque type `impl std::future::Future` in the current scope
[INFO] [stdout]    --> src/watchcat.rs:153:29
[INFO] [stdout]     |
[INFO] [stdout] 153 |     let top_dog_holder = datas.get::<DeleteWatchcat>()
[INFO] [stdout]     |                                ^^^ method not found in `impl std::future::Future`
[INFO] [stdout] 
[INFO] [stdout] 
[INFO] [stdout] error[E0599]: no method named `get` found for opaque type `impl std::future::Future` in the current scope
[INFO] [stdout]    --> src/watchcat.rs:160:17
[INFO] [stdout]     |
[INFO] [stdout] 160 |     let db = datas.get::<Db>().expect("DB conn installed...");
[INFO] [stdout]     |                    ^^^ method not found in `impl std::future::Future`
[INFO] [stdout] 
[INFO] [stdout] 
[INFO] [stdout] error[E0599]: no method named `get` found for opaque type `impl std::future::Future` in the current scope
[INFO] [stdout]    --> src/watchcat.rs:161:21
[INFO] [stdout]     |
[INFO] [stdout] 161 |     let handle = datas.get::<TokioHandle>().expect("Handle installed...");
[INFO] [stdout]     |                        ^^^ method not found in `impl std::future::Future`
[INFO] [stdout] 
[INFO] [stdout] 
[INFO] [stdout] error[E0308]: mismatched types
[INFO] [stdout]    --> src/watchcat.rs:266:14
[INFO] [stdout]     |
[INFO] [stdout] 266 |             content = message.content_safe(&ctx.cache);
[INFO] [stdout]     |                       ^^^^^^^^^^^^^^^^^^^^^^^^^^^^^^^^ expected struct `std::string::String`, found opaque type
[INFO] [stdout]     | 
[INFO] [stdout]    ::: /opt/rustwide/cargo-home/registry/src/github.com-1ecc6299db9ec823/serenity-0.9.0-rc.1/src/model/channel/message.rs:325:67
[INFO] [stdout]     |
[INFO] [stdout] 325 |     pub async fn content_safe(&self, cache: impl AsRef<Cache>) -> String {
[INFO] [stdout]     |                                                                   ------ the `Output` of this `async fn`'s found opaque type
[INFO] [stdout]     |
[INFO] [stdout]     = note:   expected struct `std::string::String`
[INFO] [stdout]             found opaque type `impl std::future::Future`
[INFO] [stdout] 
[INFO] [stdout] 
[INFO] [stdout] error[E0308]: mismatched types
[INFO] [stdout]    --> src/watchcat.rs:304:4
[INFO] [stdout]     |
[INFO] [stdout] 279 |           match out_channel.send_message(&ctx.http, |m| m
[INFO] [stdout]     |  ___________________________________________________-
[INFO] [stdout] 280 | |             .embed(|e| {
[INFO] [stdout] 281 | |                 let base = e.colour(Colour::from_rgb(236, 98, 0))
[INFO] [stdout] 282 | |                 .author(|a| a
[INFO] [stdout] ...   |
[INFO] [stdout] 301 | |                 }
[INFO] [stdout] 302 | |             })
[INFO] [stdout]     | |______________- the expected closure
[INFO] [stdout] 303 |           ) {
[INFO] [stdout] 304 |               Ok(_) => {},
[INFO] [stdout]     |               ^^^^^ expected opaque type, found enum `std::result::Result`
[INFO] [stdout]     | 
[INFO] [stdout]    ::: /opt/rustwide/cargo-home/registry/src/github.com-1ecc6299db9ec823/serenity-0.9.0-rc.1/src/model/channel/channel_id.rs:644:77
[INFO] [stdout]     |
[INFO] [stdout] 644 |       pub async fn send_message<'a, F>(self, http: impl AsRef<Http>, f: F) -> Result<Message>
[INFO] [stdout]     |                                                                               --------------- the `Output` of this `async fn`'s expected opaque type
[INFO] [stdout]     |
[INFO] [stdout]     = note: expected opaque type `impl std::future::Future`
[INFO] [stdout]                       found enum `std::result::Result<_, _>`
[INFO] [stdout] 
[INFO] [stdout] 
[INFO] [stdout] error[E0308]: mismatched types
[INFO] [stdout]    --> src/watchcat.rs:305:4
[INFO] [stdout]     |
[INFO] [stdout] 279 |           match out_channel.send_message(&ctx.http, |m| m
[INFO] [stdout]     |  ___________________________________________________-
[INFO] [stdout] 280 | |             .embed(|e| {
[INFO] [stdout] 281 | |                 let base = e.colour(Colour::from_rgb(236, 98, 0))
[INFO] [stdout] 282 | |                 .author(|a| a
[INFO] [stdout] ...   |
[INFO] [stdout] 301 | |                 }
[INFO] [stdout] 302 | |             })
[INFO] [stdout]     | |______________- the expected closure
[INFO] [stdout] ...
[INFO] [stdout] 305 |               Err(e) => {warn!("Issue recording delete: {:?}", e);},
[INFO] [stdout]     |               ^^^^^^ expected opaque type, found enum `std::result::Result`
[INFO] [stdout]     | 
[INFO] [stdout]    ::: /opt/rustwide/cargo-home/registry/src/github.com-1ecc6299db9ec823/serenity-0.9.0-rc.1/src/model/channel/channel_id.rs:644:77
[INFO] [stdout]     |
[INFO] [stdout] 644 |       pub async fn send_message<'a, F>(self, http: impl AsRef<Http>, f: F) -> Result<Message>
[INFO] [stdout]     |                                                                               --------------- the `Output` of this `async fn`'s expected opaque type
[INFO] [stdout]     |
[INFO] [stdout]     = note: expected opaque type `impl std::future::Future`
[INFO] [stdout]                       found enum `std::result::Result<_, _>`
[INFO] [stdout] 
[INFO] [stdout] 
[INFO] [stdout] error[E0614]: type `impl std::future::Future` cannot be dereferenced
[INFO] [stdout]    --> src/watchcat.rs:311:11
[INFO] [stdout]     |
[INFO] [stdout] 311 |                 match *maybe_file {
[INFO] [stdout]     |                       ^^^^^^^^^^^
[INFO] [stdout] 
[INFO] [stdout] 
[INFO] [stdout] error: aborting due to 79 previous errors; 11 warnings emitted
[INFO] [stdout] 
[INFO] [stdout] 
[INFO] [stdout] Some errors have detailed explanations: E0061, E0195, E0308, E0412, E0425, E0432, E0433, E0599, E0614.
[INFO] [stdout] 
[INFO] [stdout] For more information about an error, try `rustc --explain E0061`.
[INFO] [stdout] 
[INFO] [stderr] error: could not compile `felyne-bot`.
[INFO] [stderr] 
[INFO] [stderr] To learn more, run the command again with --verbose.
[INFO] [stderr] warning: build failed, waiting for other jobs to finish...
[INFO] [stdout] error[E0308]: mismatched types
[INFO] [stdout]    --> src/watchcat.rs:266:14
[INFO] [stdout]     |
[INFO] [stdout] 266 |             content = message.content_safe(&ctx.cache);
[INFO] [stdout]     |                       ^^^^^^^^^^^^^^^^^^^^^^^^^^^^^^^^ expected struct `std::string::String`, found opaque type
[INFO] [stdout]     | 
[INFO] [stdout]    ::: /opt/rustwide/cargo-home/registry/src/github.com-1ecc6299db9ec823/serenity-0.9.0-rc.1/src/model/channel/message.rs:325:67
[INFO] [stdout]     |
[INFO] [stdout] 325 |     pub async fn content_safe(&self, cache: impl AsRef<Cache>) -> String {
[INFO] [stdout]     |                                                                   ------ the `Output` of this `async fn`'s found opaque type
[INFO] [stdout]     |
[INFO] [stdout]     = note:   expected struct `std::string::String`
[INFO] [stdout]             found opaque type `impl std::future::Future`
[INFO] [stdout] 
[INFO] [stdout] 
[INFO] [stdout] error[E0308]: mismatched types
[INFO] [stdout]    --> src/watchcat.rs:304:4
[INFO] [stdout]     |
[INFO] [stdout] 279 |           match out_channel.send_message(&ctx.http, |m| m
[INFO] [stdout]     |  ___________________________________________________-
[INFO] [stdout] 280 | |             .embed(|e| {
[INFO] [stdout] 281 | |                 let base = e.colour(Colour::from_rgb(236, 98, 0))
[INFO] [stdout] 282 | |                 .author(|a| a
[INFO] [stdout] ...   |
[INFO] [stdout] 301 | |                 }
[INFO] [stdout] 302 | |             })
[INFO] [stdout]     | |______________- the expected closure
[INFO] [stdout] 303 |           ) {
[INFO] [stdout] 304 |               Ok(_) => {},
[INFO] [stdout]     |               ^^^^^ expected opaque type, found enum `std::result::Result`
[INFO] [stdout]     | 
[INFO] [stdout]    ::: /opt/rustwide/cargo-home/registry/src/github.com-1ecc6299db9ec823/serenity-0.9.0-rc.1/src/model/channel/channel_id.rs:644:77
[INFO] [stdout]     |
[INFO] [stdout] 644 |       pub async fn send_message<'a, F>(self, http: impl AsRef<Http>, f: F) -> Result<Message>
[INFO] [stdout]     |                                                                               --------------- the `Output` of this `async fn`'s expected opaque type
[INFO] [stdout]     |
[INFO] [stdout]     = note: expected opaque type `impl std::future::Future`
[INFO] [stdout]                       found enum `std::result::Result<_, _>`
[INFO] [stdout] 
[INFO] [stdout] 
[INFO] [stdout] error[E0308]: mismatched types
[INFO] [stdout]    --> src/watchcat.rs:305:4
[INFO] [stdout]     |
[INFO] [stdout] 279 |           match out_channel.send_message(&ctx.http, |m| m
[INFO] [stdout]     |  ___________________________________________________-
[INFO] [stdout] 280 | |             .embed(|e| {
[INFO] [stdout] 281 | |                 let base = e.colour(Colour::from_rgb(236, 98, 0))
[INFO] [stdout] 282 | |                 .author(|a| a
[INFO] [stdout] ...   |
[INFO] [stdout] 301 | |                 }
[INFO] [stdout] 302 | |             })
[INFO] [stdout]     | |______________- the expected closure
[INFO] [stdout] ...
[INFO] [stdout] 305 |               Err(e) => {warn!("Issue recording delete: {:?}", e);},
[INFO] [stdout]     |               ^^^^^^ expected opaque type, found enum `std::result::Result`
[INFO] [stdout]     | 
[INFO] [stdout]    ::: /opt/rustwide/cargo-home/registry/src/github.com-1ecc6299db9ec823/serenity-0.9.0-rc.1/src/model/channel/channel_id.rs:644:77
[INFO] [stdout]     |
[INFO] [stdout] 644 |       pub async fn send_message<'a, F>(self, http: impl AsRef<Http>, f: F) -> Result<Message>
[INFO] [stdout]     |                                                                               --------------- the `Output` of this `async fn`'s expected opaque type
[INFO] [stdout]     |
[INFO] [stdout]     = note: expected opaque type `impl std::future::Future`
[INFO] [stdout]                       found enum `std::result::Result<_, _>`
[INFO] [stdout] 
[INFO] [stdout] 
[INFO] [stdout] error[E0614]: type `impl std::future::Future` cannot be dereferenced
[INFO] [stdout]    --> src/watchcat.rs:311:11
[INFO] [stdout]     |
[INFO] [stdout] 311 |                 match *maybe_file {
[INFO] [stdout]     |                       ^^^^^^^^^^^
[INFO] [stdout] 
[INFO] [stdout] 
[INFO] [stdout] error: aborting due to 79 previous errors; 11 warnings emitted
[INFO] [stdout] 
[INFO] [stdout] 
[INFO] [stdout] Some errors have detailed explanations: E0061, E0195, E0308, E0412, E0425, E0432, E0433, E0599, E0614.
[INFO] [stdout] 
[INFO] [stdout] For more information about an error, try `rustc --explain E0061`.
[INFO] [stdout] 
[INFO] [stderr] error: build failed
[INFO] running `Command { std: "docker" "inspect" "9e04c9b17f4e54cd3fa2f663ecc2eabe12c8676ebda2bf1ae6d0da3976d23e52", kill_on_drop: false }`
[INFO] running `Command { std: "docker" "rm" "-f" "9e04c9b17f4e54cd3fa2f663ecc2eabe12c8676ebda2bf1ae6d0da3976d23e52", kill_on_drop: false }`
[INFO] [stdout] 9e04c9b17f4e54cd3fa2f663ecc2eabe12c8676ebda2bf1ae6d0da3976d23e52
